{"id":166,"date":"2021-02-26T13:38:11","date_gmt":"2021-02-26T13:38:11","guid":{"rendered":"https:\/\/festivaldecaruaru.com.br\/2021\/?page_id=166"},"modified":"2021-03-09T00:07:22","modified_gmt":"2021-03-09T00:07:22","slug":"oficinas","status":"publish","type":"page","link":"https:\/\/festivaldecaruaru.com.br\/2021\/?page_id=166","title":{"rendered":"Oficinas"},"content":{"rendered":"\t\t<div data-elementor-type=\"wp-page\" data-elementor-id=\"166\" class=\"elementor elementor-166\" data-elementor-settings=\"[]\">\n\t\t\t\t\t\t\t<div class=\"elementor-section-wrap\">\n\t\t\t\t\t\t\t<section class=\"elementor-section elementor-top-section elementor-element elementor-element-1a757a3 elementor-section-boxed elementor-section-height-default elementor-section-height-default\" data-id=\"1a757a3\" data-element_type=\"section\">\n\t\t\t\t\t\t<div class=\"elementor-container elementor-column-gap-default\">\n\t\t\t\t\t<div class=\"elementor-column elementor-col-50 elementor-top-column elementor-element elementor-element-d7789c1\" data-id=\"d7789c1\" data-element_type=\"column\">\n\t\t\t<div class=\"elementor-widget-wrap elementor-element-populated\">\n\t\t\t\t\t\t\t\t<div class=\"elementor-element elementor-element-040acbd elementor-widget elementor-widget-image\" data-id=\"040acbd\" data-element_type=\"widget\" data-widget_type=\"image.default\">\n\t\t\t\t<div class=\"elementor-widget-container\">\n\t\t\t\t\t<div class=\"elementor-image\">\n\t\t\t\t\t\t\t\t\t\t<img width=\"600\" height=\"600\" src=\"https:\/\/festivaldecaruaru.com.br\/2021\/wp-content\/uploads\/2021\/02\/Foto_Bertrand_mod.jpg\" class=\"attachment-large size-large\" alt=\"\" loading=\"lazy\" srcset=\"https:\/\/festivaldecaruaru.com.br\/2021\/wp-content\/uploads\/2021\/02\/Foto_Bertrand_mod.jpg 600w, https:\/\/festivaldecaruaru.com.br\/2021\/wp-content\/uploads\/2021\/02\/Foto_Bertrand_mod-300x300.jpg 300w, https:\/\/festivaldecaruaru.com.br\/2021\/wp-content\/uploads\/2021\/02\/Foto_Bertrand_mod-150x150.jpg 150w\" sizes=\"(max-width: 600px) 100vw, 600px\" \/>\t\t\t\t\t\t\t\t\t\t\t<\/div>\n\t\t\t\t<\/div>\n\t\t\t\t<\/div>\n\t\t\t\t\t<\/div>\n\t\t<\/div>\n\t\t\t\t<div class=\"elementor-column elementor-col-50 elementor-top-column elementor-element elementor-element-366167f\" data-id=\"366167f\" data-element_type=\"column\">\n\t\t\t<div class=\"elementor-widget-wrap elementor-element-populated\">\n\t\t\t\t\t\t\t\t<div class=\"elementor-element elementor-element-40f27a2 elementor-widget elementor-widget-heading\" data-id=\"40f27a2\" data-element_type=\"widget\" data-widget_type=\"heading.default\">\n\t\t\t\t<div class=\"elementor-widget-container\">\n\t\t\t<h2 class=\"elementor-heading-title elementor-size-default\">Oficina de Roteiro para Cinema e V\u00eddeo<\/h2>\t\t<\/div>\n\t\t\t\t<\/div>\n\t\t\t\t<div class=\"elementor-element elementor-element-6e2e06b elementor-widget elementor-widget-text-editor\" data-id=\"6e2e06b\" data-element_type=\"widget\" data-widget_type=\"text-editor.default\">\n\t\t\t\t<div class=\"elementor-widget-container\">\n\t\t\t\t\t<div class=\"elementor-text-editor elementor-clearfix\"><div class=\"elementor-element elementor-element-56550f8 elementor-widget elementor-widget-text-editor\" data-id=\"56550f8\" data-element_type=\"widget\" data-widget_type=\"text-editor.default\"><div class=\"elementor-widget-container\"><div class=\"elementor-text-editor elementor-clearfix\"><p>As aulas ir\u00e3o abordar as ferramentas de constru\u00e7\u00e3o narrativa para o cinema e as etapas de elabora\u00e7\u00e3o do roteiro.<\/p><\/div><\/div><\/div><div class=\"elementor-element elementor-element-68a372e elementor-widget elementor-widget-text-editor\" data-id=\"68a372e\" data-element_type=\"widget\" data-widget_type=\"text-editor.default\"><div class=\"elementor-widget-container\"><div class=\"elementor-text-editor elementor-clearfix\"><p>Ministrante: <b>Bertrand Lira<\/b><br \/>Datas: <b>8 a 12 de mar\u00e7o<\/b><br \/>Hor\u00e1rio: <b>14h \u00e0s 18h<\/b><br \/>Local: <b>Ambiente Virtual de Aprendizagem<\/b><\/p><\/div><\/div><\/div><\/div>\n\t\t\t\t<\/div>\n\t\t\t\t<\/div>\n\t\t\t\t<div class=\"elementor-element elementor-element-6a90a57 elementor-widget elementor-widget-text-editor\" data-id=\"6a90a57\" data-element_type=\"widget\" data-widget_type=\"text-editor.default\">\n\t\t\t\t<div class=\"elementor-widget-container\">\n\t\t\t\t\t<div class=\"elementor-text-editor elementor-clearfix\"><p><b>Bertrand Lira<\/b> \u00e9 graduado em Comunica\u00e7\u00e3o Social pela Universidade Federal da Para\u00edba com especializa\u00e7\u00e3o em Metodologias da Comunica\u00e7\u00e3o. Mestre em Sociologia pelo Programa de P\u00f3s-Gradua\u00e7\u00e3o em Sociologia do Centro de Ci\u00eancias Humanas, Letras e Artes da UFPB. Doutor em Ci\u00eancias Sociais pela Universidade Federal do Rio Grande do Norte. \u00c9 professor aposentado do curso de M\u00eddias Digitais (Demid) e professor colaborador do Programa de P\u00f3s-Gradua\u00e7\u00e3o em Comunica\u00e7\u00e3o (PPGC) da Universidade Federal da Para\u00edba.<\/p><\/div>\n\t\t\t\t<\/div>\n\t\t\t\t<\/div>\n\t\t\t\t\t<\/div>\n\t\t<\/div>\n\t\t\t\t\t\t\t<\/div>\n\t\t<\/section>\n\t\t\t\t<section class=\"elementor-section elementor-top-section elementor-element elementor-element-18fd575 elementor-section-boxed elementor-section-height-default elementor-section-height-default\" data-id=\"18fd575\" data-element_type=\"section\">\n\t\t\t\t\t\t<div class=\"elementor-container elementor-column-gap-default\">\n\t\t\t\t\t<div class=\"elementor-column elementor-col-50 elementor-top-column elementor-element elementor-element-e4a77f1\" data-id=\"e4a77f1\" data-element_type=\"column\">\n\t\t\t<div class=\"elementor-widget-wrap elementor-element-populated\">\n\t\t\t\t\t\t\t\t<div class=\"elementor-element elementor-element-44aa7d7 elementor-widget elementor-widget-image\" data-id=\"44aa7d7\" data-element_type=\"widget\" data-widget_type=\"image.default\">\n\t\t\t\t<div class=\"elementor-widget-container\">\n\t\t\t\t\t<div class=\"elementor-image\">\n\t\t\t\t\t\t\t\t\t\t<img width=\"600\" height=\"600\" src=\"https:\/\/festivaldecaruaru.com.br\/2021\/wp-content\/uploads\/2021\/02\/Foto_Viviane_mod.jpg\" class=\"attachment-large size-large\" alt=\"\" loading=\"lazy\" srcset=\"https:\/\/festivaldecaruaru.com.br\/2021\/wp-content\/uploads\/2021\/02\/Foto_Viviane_mod.jpg 600w, https:\/\/festivaldecaruaru.com.br\/2021\/wp-content\/uploads\/2021\/02\/Foto_Viviane_mod-300x300.jpg 300w, https:\/\/festivaldecaruaru.com.br\/2021\/wp-content\/uploads\/2021\/02\/Foto_Viviane_mod-150x150.jpg 150w\" sizes=\"(max-width: 600px) 100vw, 600px\" \/>\t\t\t\t\t\t\t\t\t\t\t<\/div>\n\t\t\t\t<\/div>\n\t\t\t\t<\/div>\n\t\t\t\t\t<\/div>\n\t\t<\/div>\n\t\t\t\t<div class=\"elementor-column elementor-col-50 elementor-top-column elementor-element elementor-element-2d7a1fa\" data-id=\"2d7a1fa\" data-element_type=\"column\">\n\t\t\t<div class=\"elementor-widget-wrap elementor-element-populated\">\n\t\t\t\t\t\t\t\t<div class=\"elementor-element elementor-element-a3c3c42 elementor-widget elementor-widget-heading\" data-id=\"a3c3c42\" data-element_type=\"widget\" data-widget_type=\"heading.default\">\n\t\t\t\t<div class=\"elementor-widget-container\">\n\t\t\t<h2 class=\"elementor-heading-title elementor-size-default\">Oficina O Corpo em Cena<\/h2>\t\t<\/div>\n\t\t\t\t<\/div>\n\t\t\t\t<div class=\"elementor-element elementor-element-dc135cc elementor-widget elementor-widget-text-editor\" data-id=\"dc135cc\" data-element_type=\"widget\" data-widget_type=\"text-editor.default\">\n\t\t\t\t<div class=\"elementor-widget-container\">\n\t\t\t\t\t<div class=\"elementor-text-editor elementor-clearfix\"><p>Ao longo dos encontros, os estudantes aprender\u00e3o t\u00e9cnicas de movimenta\u00e7\u00e3o corporal para a constru\u00e7\u00e3o de personagens no cinema.<\/p><\/div>\n\t\t\t\t<\/div>\n\t\t\t\t<\/div>\n\t\t\t\t<div class=\"elementor-element elementor-element-4cc0d26 elementor-widget elementor-widget-text-editor\" data-id=\"4cc0d26\" data-element_type=\"widget\" data-widget_type=\"text-editor.default\">\n\t\t\t\t<div class=\"elementor-widget-container\">\n\t\t\t\t\t<div class=\"elementor-text-editor elementor-clearfix\"><p>Ministrante: <b>Viviane Monteiro<\/b><br \/>Datas: <b>15 a 20 de mar\u00e7o<\/b><br \/>Hor\u00e1rio: <b>14h \u00e0s 18h<\/b><br \/>Local: <b>Ambiente Virtual de Aprendizagem<\/b><\/p><\/div>\n\t\t\t\t<\/div>\n\t\t\t\t<\/div>\n\t\t\t\t<div class=\"elementor-element elementor-element-c2dbcaa elementor-widget elementor-widget-text-editor\" data-id=\"c2dbcaa\" data-element_type=\"widget\" data-widget_type=\"text-editor.default\">\n\t\t\t\t<div class=\"elementor-widget-container\">\n\t\t\t\t\t<div class=\"elementor-text-editor elementor-clearfix\"><p>Viviane Monteiro \u00e9 atriz, dramaturga, roteirista e diretora pernambucana. Nascida em Caruaru, seu primeiro contato com as Artes C\u00eanicas foi em 2003 em um curso promovido pela Globo Nordeste na cidade do agreste. Estudou Comunica\u00e7\u00e3o Social em Recife e mudou-se para S\u00e3o Paulo em 2012 para cursar P\u00f3s Gradua\u00e7\u00e3o em \u201cCorpo: Dan\u00e7a, Teatro e Performance\u201d e um curso t\u00e9cnico para atores na Escola de Atores Wolf Maya. Foi atriz de Antunes Filho (CPT \u2013 SESC) por dois anos e atuou em sua \u00faltima montagem \u201cEu estava em minha casa e esperava que a chuva chegasse\u201d que ficou em cartaz em 2018 e 2019. Entre 2015 e 2019 atuou em S\u00e9ries para a GloboPlay, Telecine Touch, Canal Sony e Canal Brasil. Em 2017 fundou o Grupo de Teatro L\u00e2mina e 2020 escreveu e dirigiu uma pe\u00e7a remota com a Cia. Em 2021 prepara-se para filmar um Curta metragem tamb\u00e9m de sua autoria. H\u00e1 dez anos, sua pesquisa consiste em estudar e desenvolver t\u00e9cnicas de teatro que s\u00e3o fundamentais para fazer cinema, como o sotaque e t\u00e9cnicas de respira\u00e7\u00e3o, por exemplo. S\u00e3o t\u00e9cnicas de corpo e voz que d\u00e3o autonomia ao ator para criar em qualquer universo proposto pela S\u00e9tima Arte.<\/p><\/div>\n\t\t\t\t<\/div>\n\t\t\t\t<\/div>\n\t\t\t\t\t<\/div>\n\t\t<\/div>\n\t\t\t\t\t\t\t<\/div>\n\t\t<\/section>\n\t\t\t\t<section class=\"elementor-section elementor-top-section elementor-element elementor-element-dea4685 elementor-section-boxed elementor-section-height-default elementor-section-height-default\" data-id=\"dea4685\" data-element_type=\"section\">\n\t\t\t\t\t\t<div class=\"elementor-container elementor-column-gap-default\">\n\t\t\t\t\t<div class=\"elementor-column elementor-col-50 elementor-top-column elementor-element elementor-element-064d863\" data-id=\"064d863\" data-element_type=\"column\">\n\t\t\t<div class=\"elementor-widget-wrap elementor-element-populated\">\n\t\t\t\t\t\t\t\t<div class=\"elementor-element elementor-element-8f1e9ec elementor-widget elementor-widget-image\" data-id=\"8f1e9ec\" data-element_type=\"widget\" data-widget_type=\"image.default\">\n\t\t\t\t<div class=\"elementor-widget-container\">\n\t\t\t\t\t<div class=\"elementor-image\">\n\t\t\t\t\t\t\t\t\t\t<img width=\"600\" height=\"600\" src=\"https:\/\/festivaldecaruaru.com.br\/2021\/wp-content\/uploads\/2021\/02\/Foto__Marlom_mod.jpg\" class=\"attachment-large size-large\" alt=\"\" loading=\"lazy\" srcset=\"https:\/\/festivaldecaruaru.com.br\/2021\/wp-content\/uploads\/2021\/02\/Foto__Marlom_mod.jpg 600w, https:\/\/festivaldecaruaru.com.br\/2021\/wp-content\/uploads\/2021\/02\/Foto__Marlom_mod-300x300.jpg 300w, https:\/\/festivaldecaruaru.com.br\/2021\/wp-content\/uploads\/2021\/02\/Foto__Marlom_mod-150x150.jpg 150w\" sizes=\"(max-width: 600px) 100vw, 600px\" \/>\t\t\t\t\t\t\t\t\t\t\t<\/div>\n\t\t\t\t<\/div>\n\t\t\t\t<\/div>\n\t\t\t\t\t<\/div>\n\t\t<\/div>\n\t\t\t\t<div class=\"elementor-column elementor-col-50 elementor-top-column elementor-element elementor-element-c286623\" data-id=\"c286623\" data-element_type=\"column\">\n\t\t\t<div class=\"elementor-widget-wrap elementor-element-populated\">\n\t\t\t\t\t\t\t\t<div class=\"elementor-element elementor-element-7bbad6b elementor-widget elementor-widget-heading\" data-id=\"7bbad6b\" data-element_type=\"widget\" data-widget_type=\"heading.default\">\n\t\t\t\t<div class=\"elementor-widget-container\">\n\t\t\t<h2 class=\"elementor-heading-title elementor-size-default\">Documentando<\/h2>\t\t<\/div>\n\t\t\t\t<\/div>\n\t\t\t\t<div class=\"elementor-element elementor-element-1be8ed1 elementor-widget elementor-widget-text-editor\" data-id=\"1be8ed1\" data-element_type=\"widget\" data-widget_type=\"text-editor.default\">\n\t\t\t\t<div class=\"elementor-widget-container\">\n\t\t\t\t\t<div class=\"elementor-text-editor elementor-clearfix\"><p>Nesta forma\u00e7\u00e3o os participantes ter\u00e3o acesso a tr\u00eas m\u00f3dulos de aulas que abordar\u00e3o a hist\u00f3ria dos document\u00e1rios, os elementos do cinema, como roteiro, produ\u00e7\u00e3o e dire\u00e7\u00e3o e os processos de finaliza\u00e7\u00e3o e distribui\u00e7\u00e3o de filmes.<\/p><\/div>\n\t\t\t\t<\/div>\n\t\t\t\t<\/div>\n\t\t\t\t<div class=\"elementor-element elementor-element-d690d36 elementor-widget elementor-widget-text-editor\" data-id=\"d690d36\" data-element_type=\"widget\" data-widget_type=\"text-editor.default\">\n\t\t\t\t<div class=\"elementor-widget-container\">\n\t\t\t\t\t<div class=\"elementor-text-editor elementor-clearfix\"><p>Ministrante: <b>Marlom Meirelles<\/b><br>Datas: <b>3 a 24 de mar\u00e7o<\/b><br>Hor\u00e1rio: <b>Ambiente Virtual de Aprendizagem, com aulas pr\u00e9-gravadas e 4 encontros ao vivo, \u00e0s quartas-feiras.<\/b><\/p><\/div>\n\t\t\t\t<\/div>\n\t\t\t\t<\/div>\n\t\t\t\t<div class=\"elementor-element elementor-element-fb0cbe6 elementor-widget elementor-widget-text-editor\" data-id=\"fb0cbe6\" data-element_type=\"widget\" data-widget_type=\"text-editor.default\">\n\t\t\t\t<div class=\"elementor-widget-container\">\n\t\t\t\t\t<div class=\"elementor-text-editor elementor-clearfix\"><p>Marlom nasceu em Bezerros, cidade do agreste de Pernambuco. Durante seus estudos pesquisou sobre a rela\u00e7\u00e3o entre o cinema e novas plataformas tecnol\u00f3gicas, tendo como principal vi\u00e9s a an\u00e1lise de meios alternativas de produ\u00e7\u00e3o e difus\u00e3o de conte\u00fado audiovisual. Estudou na Faculdade Maur\u00edcio de Nassau, no Recife, onde integrou a segunda turma de cinema do Norte e Nordeste, onde dirigiu seus primeiros filmes. Aos 21 anos fundou sua produtora Eixo Audiovisual, que tem mais de dez anos de atua\u00e7\u00e3o. Seu curta-metragem A Emparedada da Rua Nova, livremente inspirado no romance hom\u00f4nimo de Carneiro Vilela, foi vencedor do Cel.U.Cine &#8211; Festival de Micrometragens no ano de 2010. Em 2012 Meirelles ganhou o Pr\u00eamio Na\u00edde Teod\u00f3sio de Estudos de G\u00eanero com um projeto chamado Entre Mulheres, um document\u00e1rio de m\u00e9dia-metragem sobre aspectos de g\u00eanero no universo feminino. O document\u00e1rio teve cenas exibidas na entrega do pr\u00eamio Ordem do M\u00e9rito Cultural, na presen\u00e7a da ex-presidente do Brasil Dilma Roussef. Posteriormente lan\u00e7ou o filme de suspense Olhos de Bot\u00e3o. No ano de seu lan\u00e7amento o filme foi convidado para ser exibido no David Rockefeller Center for Latin American Studies, em Harvard, em workshop ministrado por Marlom. Estrelado pela veterana Zezita de Matos, foi vencedor de mais de 25 pr\u00eamios em festivais nacionais e internacionais, tendo feito excelente carreira e alcan\u00e7ado boas cr\u00edticas. O cr\u00edtico de cinema Andrey Lehnemann o elegeu como sendo um dos tr\u00eas melhores curtas-metragens nacionais lan\u00e7ados naquele ano. Produtor executivo do curta-metragem Iluminadas, dirigido por Gabi Saegesser, e editor do longa-metragem One Day We Arrived to Japan, co-dirigido pelo norte-americano Aaron Litvin e pela paulistana Ana Paula Hirano. Marlom idealizou o Curta na Serra \u2013 Mostra de Cinema ao Ar Livre e o NUVEM \u2013 Festival de M\u00fasica de Serra Negra, festivais que acontecem no agreste de Pernambuco.<\/p><\/div>\n\t\t\t\t<\/div>\n\t\t\t\t<\/div>\n\t\t\t\t\t<\/div>\n\t\t<\/div>\n\t\t\t\t\t\t\t<\/div>\n\t\t<\/section>\n\t\t\t\t<section class=\"elementor-section elementor-top-section elementor-element elementor-element-20774e31 elementor-section-content-middle elementor-section-full_width elementor-section-stretched elementor-section-height-default elementor-section-height-default\" data-id=\"20774e31\" data-element_type=\"section\" data-settings=\"{&quot;background_background&quot;:&quot;classic&quot;,&quot;stretch_section&quot;:&quot;section-stretched&quot;}\">\n\t\t\t\t\t\t<div class=\"elementor-container elementor-column-gap-no\">\n\t\t\t\t\t<div class=\"elementor-column elementor-col-100 elementor-top-column elementor-element elementor-element-64a178b5\" data-id=\"64a178b5\" data-element_type=\"column\">\n\t\t\t<div class=\"elementor-widget-wrap elementor-element-populated\">\n\t\t\t\t\t\t\t\t<div class=\"elementor-element elementor-element-38472ca2 elementor-widget elementor-widget-heading\" data-id=\"38472ca2\" data-element_type=\"widget\" data-widget_type=\"heading.default\">\n\t\t\t\t<div class=\"elementor-widget-container\">\n\t\t\t<h6 class=\"elementor-heading-title elementor-size-default\">NOSSOS CANAIS<\/h6>\t\t<\/div>\n\t\t\t\t<\/div>\n\t\t\t\t<div class=\"elementor-element elementor-element-17e929f5 elementor-shape-rounded elementor-grid-0 e-grid-align-center elementor-widget elementor-widget-social-icons\" data-id=\"17e929f5\" data-element_type=\"widget\" data-widget_type=\"social-icons.default\">\n\t\t\t\t<div class=\"elementor-widget-container\">\n\t\t\t\t\t<div class=\"elementor-social-icons-wrapper elementor-grid\">\n\t\t\t\t\t\t\t<div class=\"elementor-grid-item\">\n\t\t\t\t\t<a class=\"elementor-icon elementor-social-icon elementor-social-icon-facebook-f elementor-animation-grow elementor-repeater-item-9c86cde\" href=\"https:\/\/www.facebook.com\/festivaldecinemadecaruaru\" target=\"_blank\">\n\t\t\t\t\t\t<span class=\"elementor-screen-only\">Facebook-f<\/span>\n\t\t\t\t\t\t<i class=\"fab fa-facebook-f\"><\/i>\t\t\t\t\t<\/a>\n\t\t\t\t<\/div>\n\t\t\t\t\t\t\t<div class=\"elementor-grid-item\">\n\t\t\t\t\t<a class=\"elementor-icon elementor-social-icon elementor-social-icon-instagram elementor-animation-grow elementor-repeater-item-7b9d1bc\" href=\"https:\/\/www.instagram.com\/festcinecru\" target=\"_blank\">\n\t\t\t\t\t\t<span class=\"elementor-screen-only\">Instagram<\/span>\n\t\t\t\t\t\t<i class=\"fab fa-instagram\"><\/i>\t\t\t\t\t<\/a>\n\t\t\t\t<\/div>\n\t\t\t\t\t\t\t<div class=\"elementor-grid-item\">\n\t\t\t\t\t<a class=\"elementor-icon elementor-social-icon elementor-social-icon-youtube elementor-animation-grow elementor-repeater-item-1cfae18\" href=\"http:\/\/youtube.com\/user\/FICCAOTV\" target=\"_blank\">\n\t\t\t\t\t\t<span class=\"elementor-screen-only\">Youtube<\/span>\n\t\t\t\t\t\t<i class=\"fab fa-youtube\"><\/i>\t\t\t\t\t<\/a>\n\t\t\t\t<\/div>\n\t\t\t\t\t<\/div>\n\t\t\t\t<\/div>\n\t\t\t\t<\/div>\n\t\t\t\t\t<\/div>\n\t\t<\/div>\n\t\t\t\t\t\t\t<\/div>\n\t\t<\/section>\n\t\t\t\t\t\t<\/div>\n\t\t\t\t\t<\/div>\n\t\t","protected":false},"excerpt":{"rendered":"<p>Oficina de Roteiro para Cinema e V\u00eddeo As aulas ir\u00e3o abordar as ferramentas de constru\u00e7\u00e3o narrativa para o cinema e as etapas de elabora\u00e7\u00e3o do roteiro. Ministrante: Bertrand LiraDatas: 8 a 12 de mar\u00e7oHor\u00e1rio: 14h \u00e0s 18hLocal: Ambiente Virtual de Aprendizagem Bertrand Lira \u00e9 graduado em Comunica\u00e7\u00e3o Social pela Universidade Federal da Para\u00edba com especializa\u00e7\u00e3o&hellip;&nbsp;<a href=\"https:\/\/festivaldecaruaru.com.br\/2021\/?page_id=166\" class=\"\" rel=\"bookmark\">Read More &raquo;<span class=\"screen-reader-text\">Oficinas<\/span><\/a><\/p>\n","protected":false},"author":1,"featured_media":0,"parent":0,"menu_order":0,"comment_status":"closed","ping_status":"closed","template":"","meta":{"neve_meta_sidebar":"full-width","neve_meta_container":"","neve_meta_enable_content_width":"on","neve_meta_content_width":100,"neve_meta_title_alignment":"","neve_meta_author_avatar":"","neve_post_elements_order":"","neve_meta_disable_header":"","neve_meta_disable_footer":"","neve_meta_disable_title":"","_ti_tpc_template_sync":false,"_ti_tpc_template_id":""},"_links":{"self":[{"href":"https:\/\/festivaldecaruaru.com.br\/2021\/index.php?rest_route=\/wp\/v2\/pages\/166"}],"collection":[{"href":"https:\/\/festivaldecaruaru.com.br\/2021\/index.php?rest_route=\/wp\/v2\/pages"}],"about":[{"href":"https:\/\/festivaldecaruaru.com.br\/2021\/index.php?rest_route=\/wp\/v2\/types\/page"}],"author":[{"embeddable":true,"href":"https:\/\/festivaldecaruaru.com.br\/2021\/index.php?rest_route=\/wp\/v2\/users\/1"}],"replies":[{"embeddable":true,"href":"https:\/\/festivaldecaruaru.com.br\/2021\/index.php?rest_route=%2Fwp%2Fv2%2Fcomments&post=166"}],"version-history":[{"count":22,"href":"https:\/\/festivaldecaruaru.com.br\/2021\/index.php?rest_route=\/wp\/v2\/pages\/166\/revisions"}],"predecessor-version":[{"id":206,"href":"https:\/\/festivaldecaruaru.com.br\/2021\/index.php?rest_route=\/wp\/v2\/pages\/166\/revisions\/206"}],"wp:attachment":[{"href":"https:\/\/festivaldecaruaru.com.br\/2021\/index.php?rest_route=%2Fwp%2Fv2%2Fmedia&parent=166"}],"curies":[{"name":"wp","href":"https:\/\/api.w.org\/{rel}","templated":true}]}}