{"id":229,"date":"2021-03-09T20:51:02","date_gmt":"2021-03-09T20:51:02","guid":{"rendered":"https:\/\/festivaldecaruaru.com.br\/2021\/?page_id=229"},"modified":"2021-03-10T23:56:40","modified_gmt":"2021-03-10T23:56:40","slug":"equipe","status":"publish","type":"page","link":"https:\/\/festivaldecaruaru.com.br\/2021\/?page_id=229","title":{"rendered":"Equipe"},"content":{"rendered":"\t\t<div data-elementor-type=\"wp-page\" data-elementor-id=\"229\" class=\"elementor elementor-229\" data-elementor-settings=\"[]\">\n\t\t\t\t\t\t\t<div class=\"elementor-section-wrap\">\n\t\t\t\t\t\t\t<section class=\"elementor-section elementor-top-section elementor-element elementor-element-cb0d0d5 elementor-section-boxed elementor-section-height-default elementor-section-height-default\" data-id=\"cb0d0d5\" data-element_type=\"section\">\n\t\t\t\t\t\t<div class=\"elementor-container elementor-column-gap-default\">\n\t\t\t\t\t<div class=\"elementor-column elementor-col-50 elementor-top-column elementor-element elementor-element-04c5af9\" data-id=\"04c5af9\" data-element_type=\"column\">\n\t\t\t<div class=\"elementor-widget-wrap\">\n\t\t\t\t\t\t\t\t\t<\/div>\n\t\t<\/div>\n\t\t\t\t<div class=\"elementor-column elementor-col-50 elementor-top-column elementor-element elementor-element-fa7cc26\" data-id=\"fa7cc26\" data-element_type=\"column\">\n\t\t\t<div class=\"elementor-widget-wrap elementor-element-populated\">\n\t\t\t\t\t\t\t\t<div class=\"elementor-element elementor-element-bf52c1b elementor-widget elementor-widget-text-editor\" data-id=\"bf52c1b\" data-element_type=\"widget\" data-widget_type=\"text-editor.default\">\n\t\t\t\t<div class=\"elementor-widget-container\">\n\t\t\t\t\t<div class=\"elementor-text-editor elementor-clearfix\"><ul><li><strong>Produ\u00e7\u00e3o<\/strong><div>Jucineide Santos<\/div><p>Luciano Torres\u00a0<\/p><\/li><li><strong>Curadoria<\/strong><div>Luciano Torres<\/div><div>Edvaldo Santos<\/div><div>Priscila Urpia<\/div><\/li><li><strong>Coordena\u00e7\u00e3o pedag\u00f3gica<\/strong><div>Renata Villa Nova<\/div><\/li><li><strong>Assist\u00eancia de produ\u00e7\u00e3o<\/strong><div>T\u00falio Beat<\/div><\/li><li><strong>Editor gr\u00e1fico<\/strong><div>Paulo Concei\u00e7\u00e3o<\/div><\/li><li><strong>Web designer<\/strong><div>Edvaldo Santos<\/div><\/li><\/ul><ul><li><strong>Identidade visual<\/strong><div>\u00c9der De\u00f3<\/div><div>Pedro Filipe<\/div><\/li><li><strong>Assessoria de Imprensa<\/strong><div>Sthephanie S\u00e1<\/div><\/li><li><strong>Apresenta\u00e7\u00e3o<\/strong><div>Edson Santos<\/div><p>Stephanie S\u00e1<\/p><\/li><li><strong>Social M\u00eddia<\/strong><div>Hanna Giovanna<\/div><p>Bruna Santos<\/p><\/li><\/ul><\/div>\n\t\t\t\t<\/div>\n\t\t\t\t<\/div>\n\t\t\t\t\t<\/div>\n\t\t<\/div>\n\t\t\t\t\t\t\t<\/div>\n\t\t<\/section>\n\t\t\t\t<section class=\"elementor-section elementor-top-section elementor-element elementor-element-70133464 elementor-section-content-middle elementor-section-boxed elementor-section-height-default elementor-section-height-default\" data-id=\"70133464\" data-element_type=\"section\" data-settings=\"{&quot;background_background&quot;:&quot;classic&quot;}\">\n\t\t\t\t\t\t<div class=\"elementor-container elementor-column-gap-no\">\n\t\t\t\t\t<div class=\"elementor-column elementor-col-100 elementor-top-column elementor-element elementor-element-3168e03c\" data-id=\"3168e03c\" data-element_type=\"column\">\n\t\t\t<div class=\"elementor-widget-wrap elementor-element-populated\">\n\t\t\t\t\t\t\t\t<div class=\"elementor-element elementor-element-1f9f7950 elementor-widget elementor-widget-heading\" data-id=\"1f9f7950\" data-element_type=\"widget\" data-widget_type=\"heading.default\">\n\t\t\t\t<div class=\"elementor-widget-container\">\n\t\t\t<h6 class=\"elementor-heading-title elementor-size-default\">NOSSOS CANAIS<\/h6>\t\t<\/div>\n\t\t\t\t<\/div>\n\t\t\t\t<div class=\"elementor-element elementor-element-62836346 elementor-shape-rounded elementor-grid-0 e-grid-align-center elementor-widget elementor-widget-social-icons\" data-id=\"62836346\" data-element_type=\"widget\" data-widget_type=\"social-icons.default\">\n\t\t\t\t<div class=\"elementor-widget-container\">\n\t\t\t\t\t<div class=\"elementor-social-icons-wrapper elementor-grid\">\n\t\t\t\t\t\t\t<div class=\"elementor-grid-item\">\n\t\t\t\t\t<a class=\"elementor-icon elementor-social-icon elementor-social-icon-facebook-f elementor-animation-grow elementor-repeater-item-9c86cde\" href=\"https:\/\/www.facebook.com\/festivaldecinemadecaruaru\" target=\"_blank\">\n\t\t\t\t\t\t<span class=\"elementor-screen-only\">Facebook-f<\/span>\n\t\t\t\t\t\t<i class=\"fab fa-facebook-f\"><\/i>\t\t\t\t\t<\/a>\n\t\t\t\t<\/div>\n\t\t\t\t\t\t\t<div class=\"elementor-grid-item\">\n\t\t\t\t\t<a class=\"elementor-icon elementor-social-icon elementor-social-icon-instagram elementor-animation-grow elementor-repeater-item-7b9d1bc\" href=\"https:\/\/www.instagram.com\/festcinecru\" target=\"_blank\">\n\t\t\t\t\t\t<span class=\"elementor-screen-only\">Instagram<\/span>\n\t\t\t\t\t\t<i class=\"fab fa-instagram\"><\/i>\t\t\t\t\t<\/a>\n\t\t\t\t<\/div>\n\t\t\t\t\t\t\t<div class=\"elementor-grid-item\">\n\t\t\t\t\t<a class=\"elementor-icon elementor-social-icon elementor-social-icon-youtube elementor-animation-grow elementor-repeater-item-1cfae18\" href=\"http:\/\/youtube.com\/user\/FICCAOTV\" target=\"_blank\">\n\t\t\t\t\t\t<span class=\"elementor-screen-only\">Youtube<\/span>\n\t\t\t\t\t\t<i class=\"fab fa-youtube\"><\/i>\t\t\t\t\t<\/a>\n\t\t\t\t<\/div>\n\t\t\t\t\t<\/div>\n\t\t\t\t<\/div>\n\t\t\t\t<\/div>\n\t\t\t\t\t<\/div>\n\t\t<\/div>\n\t\t\t\t\t\t\t<\/div>\n\t\t<\/section>\n\t\t\t\t\t\t<\/div>\n\t\t\t\t\t<\/div>\n\t\t","protected":false},"excerpt":{"rendered":"<p>Produ\u00e7\u00e3oJucineide Santos Luciano Torres\u00a0 CuradoriaLuciano TorresEdvaldo SantosPriscila Urpia Coordena\u00e7\u00e3o pedag\u00f3gicaRenata Villa Nova Assist\u00eancia de produ\u00e7\u00e3oT\u00falio Beat Editor gr\u00e1ficoPaulo Concei\u00e7\u00e3o Web designerEdvaldo Santos Identidade visual\u00c9der De\u00f3Pedro Filipe Assessoria de ImprensaSthephanie S\u00e1 Apresenta\u00e7\u00e3oEdson Santos Stephanie S\u00e1 Social M\u00eddiaHanna Giovanna Bruna Santos NOSSOS CANAIS Facebook-f Instagram Youtube<\/p>\n","protected":false},"author":1,"featured_media":0,"parent":0,"menu_order":0,"comment_status":"closed","ping_status":"closed","template":"","meta":{"neve_meta_sidebar":"full-width","neve_meta_container":"","neve_meta_enable_content_width":"on","neve_meta_content_width":100,"neve_meta_title_alignment":"","neve_meta_author_avatar":"","neve_post_elements_order":"","neve_meta_disable_header":"","neve_meta_disable_footer":"","neve_meta_disable_title":"","_ti_tpc_template_sync":false,"_ti_tpc_template_id":""},"_links":{"self":[{"href":"https:\/\/festivaldecaruaru.com.br\/2021\/index.php?rest_route=\/wp\/v2\/pages\/229"}],"collection":[{"href":"https:\/\/festivaldecaruaru.com.br\/2021\/index.php?rest_route=\/wp\/v2\/pages"}],"about":[{"href":"https:\/\/festivaldecaruaru.com.br\/2021\/index.php?rest_route=\/wp\/v2\/types\/page"}],"author":[{"embeddable":true,"href":"https:\/\/festivaldecaruaru.com.br\/2021\/index.php?rest_route=\/wp\/v2\/users\/1"}],"replies":[{"embeddable":true,"href":"https:\/\/festivaldecaruaru.com.br\/2021\/index.php?rest_route=%2Fwp%2Fv2%2Fcomments&post=229"}],"version-history":[{"count":16,"href":"https:\/\/festivaldecaruaru.com.br\/2021\/index.php?rest_route=\/wp\/v2\/pages\/229\/revisions"}],"predecessor-version":[{"id":298,"href":"https:\/\/festivaldecaruaru.com.br\/2021\/index.php?rest_route=\/wp\/v2\/pages\/229\/revisions\/298"}],"wp:attachment":[{"href":"https:\/\/festivaldecaruaru.com.br\/2021\/index.php?rest_route=%2Fwp%2Fv2%2Fmedia&parent=229"}],"curies":[{"name":"wp","href":"https:\/\/api.w.org\/{rel}","templated":true}]}}

<div data-elementor-type="wp-page" data-elementor-id="229" class="elementor elementor-229" data-elementor-settings="[]">
							<div class="elementor-section-wrap">
							<section class="elementor-section elementor-top-section elementor-element elementor-element-cb0d0d5 elementor-section-boxed elementor-section-height-default elementor-section-height-default" data-id="cb0d0d5" data-element_type="section">
						<div class="elementor-container elementor-column-gap-default">
					<div class="elementor-column elementor-col-50 elementor-top-column elementor-element elementor-element-04c5af9" data-id="04c5af9" data-element_type="column">
			<div class="elementor-widget-wrap">
									</div>
		</div>
				<div class="elementor-column elementor-col-50 elementor-top-column elementor-element elementor-element-fa7cc26" data-id="fa7cc26" data-element_type="column">
			<div class="elementor-widget-wrap elementor-element-populated">
								<div class="elementor-element elementor-element-bf52c1b elementor-widget elementor-widget-text-editor" data-id="bf52c1b" data-element_type="widget" data-widget_type="text-editor.default">
				<div class="elementor-widget-container">
					<div class="elementor-text-editor elementor-clearfix"><ul><li><strong>Produção</strong><div>Jucineide Santos</div><p>Luciano Torres </p></li><li><strong>Curadoria</strong><div>Luciano Torres</div><div>Edvaldo Santos</div><div>Priscila Urpia</div></li><li><strong>Coordenação pedagógica</strong><div>Renata Villa Nova</div></li><li><strong>Assistência de produção</strong><div>Túlio Beat</div></li><li><strong>Editor gráfico</strong><div>Paulo Conceição</div></li><li><strong>Web designer</strong><div>Edvaldo Santos</div></li></ul><ul><li><strong>Identidade visual</strong><div>Éder Deó</div><div>Pedro Filipe</div></li><li><strong>Assessoria de Imprensa</strong><div>Sthephanie Sá</div></li><li><strong>Apresentação</strong><div>Edson Santos</div><p>Stephanie Sá</p></li><li><strong>Social Mídia</strong><div>Hanna Giovanna</div><p>Bruna Santos</p></li></ul></div>
				</div>
				</div>
					</div>
		</div>
							</div>
		</section>
				<section class="elementor-section elementor-top-section elementor-element elementor-element-70133464 elementor-section-content-middle elementor-section-boxed elementor-section-height-default elementor-section-height-default" data-id="70133464" data-element_type="section" data-settings="{&quot;background_background&quot;:&quot;classic&quot;}">
						<div class="elementor-container elementor-column-gap-no">
					<div class="elementor-column elementor-col-100 elementor-top-column elementor-element elementor-element-3168e03c" data-id="3168e03c" data-element_type="column">
			<div class="elementor-widget-wrap elementor-element-populated">
								<div class="elementor-element elementor-element-1f9f7950 elementor-widget elementor-widget-heading" data-id="1f9f7950" data-element_type="widget" data-widget_type="heading.default">
				<div class="elementor-widget-container">
			<h6 class="elementor-heading-title elementor-size-default">NOSSOS CANAIS</h6>		</div>
				</div>
				<div class="elementor-element elementor-element-62836346 elementor-shape-rounded elementor-grid-0 e-grid-align-center elementor-widget elementor-widget-social-icons" data-id="62836346" data-element_type="widget" data-widget_type="social-icons.default">
				<div class="elementor-widget-container">
					<div class="elementor-social-icons-wrapper elementor-grid">
							<div class="elementor-grid-item">
					<a class="elementor-icon elementor-social-icon elementor-social-icon-facebook-f elementor-animation-grow elementor-repeater-item-9c86cde" href="https://www.facebook.com/festivaldecinemadecaruaru" target="_blank">
						<span class="elementor-screen-only">Facebook-f</span>
						<i class="fab fa-facebook-f"></i>					</a>
				</div>
							<div class="elementor-grid-item">
					<a class="elementor-icon elementor-social-icon elementor-social-icon-instagram elementor-animation-grow elementor-repeater-item-7b9d1bc" href="https://www.instagram.com/festcinecru" target="_blank">
						<span class="elementor-screen-only">Instagram</span>
						<i class="fab fa-instagram"></i>					</a>
				</div>
							<div class="elementor-grid-item">
					<a class="elementor-icon elementor-social-icon elementor-social-icon-youtube elementor-animation-grow elementor-repeater-item-1cfae18" href="http://youtube.com/user/FICCAOTV" target="_blank">
						<span class="elementor-screen-only">Youtube</span>
						<i class="fab fa-youtube"></i>					</a>
				</div>
					</div>
				</div>
				</div>
					</div>
		</div>
							</div>
		</section>
						</div>
					</div>

<p>ProduçãoJucineide Santos Luciano Torres  CuradoriaLuciano TorresEdvaldo SantosPriscila Urpia Coordenação pedagógicaRenata Villa Nova Assistência de produçãoTúlio Beat Editor gráficoPaulo Conceição Web designerEdvaldo Santos Identidade visualÉder DeóPedro Filipe Assessoria de ImprensaSthephanie Sá ApresentaçãoEdson Santos Stephanie Sá Social MídiaHanna Giovanna Bruna Santos NOSSOS CANAIS Facebook-f Instagram Youtube</p>
