{"id":4067,"date":"2023-07-04T22:14:39","date_gmt":"2023-07-04T22:14:39","guid":{"rendered":"https:\/\/festivaldecaruaru.com.br\/2023\/?page_id=4067"},"modified":"2023-07-31T01:32:55","modified_gmt":"2023-07-31T01:32:55","slug":"oficinas","status":"publish","type":"page","link":"https:\/\/festivaldecaruaru.com.br\/2023\/?page_id=4067","title":{"rendered":"Oficinas"},"content":{"rendered":"\t\t<div data-elementor-type=\"wp-page\" data-elementor-id=\"4067\" class=\"elementor elementor-4067\">\n\t\t\t\t\t\t\t\t\t<section class=\"elementor-section elementor-top-section elementor-element elementor-element-ae4aaa3 elementor-section-boxed elementor-section-height-default elementor-section-height-default\" data-id=\"ae4aaa3\" data-element_type=\"section\">\n\t\t\t\t\t\t<div class=\"elementor-container elementor-column-gap-default\">\n\t\t\t\t\t<div class=\"elementor-column elementor-col-33 elementor-top-column elementor-element elementor-element-bec471a\" data-id=\"bec471a\" data-element_type=\"column\">\n\t\t\t<div class=\"elementor-widget-wrap elementor-element-populated\">\n\t\t\t\t\t\t\t\t<div class=\"elementor-element elementor-element-1168025 elementor-widget elementor-widget-image\" data-id=\"1168025\" data-element_type=\"widget\" data-widget_type=\"image.default\">\n\t\t\t\t<div class=\"elementor-widget-container\">\n\t\t\t<style>\/*! elementor - v3.12.1 - 02-04-2023 *\/\n.elementor-widget-image{text-align:center}.elementor-widget-image a{display:inline-block}.elementor-widget-image a img[src$=\".svg\"]{width:48px}.elementor-widget-image img{vertical-align:middle;display:inline-block}<\/style>\t\t\t\t\t\t\t\t\t\t\t\t<img decoding=\"async\" width=\"488\" height=\"514\" src=\"https:\/\/festivaldecaruaru.com.br\/2023\/wp-content\/uploads\/2023\/04\/DETALHE_LINHAS.png\" class=\"attachment-large size-large wp-image-3995\" alt=\"\" loading=\"lazy\" srcset=\"https:\/\/festivaldecaruaru.com.br\/2023\/wp-content\/uploads\/2023\/04\/DETALHE_LINHAS.png 488w, https:\/\/festivaldecaruaru.com.br\/2023\/wp-content\/uploads\/2023\/04\/DETALHE_LINHAS-285x300.png 285w\" sizes=\"(max-width: 488px) 100vw, 488px\" \/>\t\t\t\t\t\t\t\t\t\t\t\t\t\t\t<\/div>\n\t\t\t\t<\/div>\n\t\t\t\t\t<\/div>\n\t\t<\/div>\n\t\t\t\t<div class=\"elementor-column elementor-col-33 elementor-top-column elementor-element elementor-element-33ad2f8\" data-id=\"33ad2f8\" data-element_type=\"column\">\n\t\t\t<div class=\"elementor-widget-wrap elementor-element-populated\">\n\t\t\t\t\t\t\t\t<div class=\"elementor-element elementor-element-7faf838 elementor-widget elementor-widget-image\" data-id=\"7faf838\" data-element_type=\"widget\" data-widget_type=\"image.default\">\n\t\t\t\t<div class=\"elementor-widget-container\">\n\t\t\t\t\t\t\t\t\t\t\t\t\t\t\t<img decoding=\"async\" width=\"120\" height=\"120\" src=\"https:\/\/festivaldecaruaru.com.br\/2023\/wp-content\/uploads\/2023\/07\/Foto_Edvaldo.jpeg\" class=\"attachment-large size-large wp-image-4069\" alt=\"\" loading=\"lazy\" \/>\t\t\t\t\t\t\t\t\t\t\t\t\t\t\t<\/div>\n\t\t\t\t<\/div>\n\t\t\t\t<div class=\"elementor-element elementor-element-89460f1 elementor-widget elementor-widget-heading\" data-id=\"89460f1\" data-element_type=\"widget\" data-widget_type=\"heading.default\">\n\t\t\t\t<div class=\"elementor-widget-container\">\n\t\t\t<style>\/*! elementor - v3.12.1 - 02-04-2023 *\/\n.elementor-heading-title{padding:0;margin:0;line-height:1}.elementor-widget-heading .elementor-heading-title[class*=elementor-size-]>a{color:inherit;font-size:inherit;line-height:inherit}.elementor-widget-heading .elementor-heading-title.elementor-size-small{font-size:15px}.elementor-widget-heading .elementor-heading-title.elementor-size-medium{font-size:19px}.elementor-widget-heading .elementor-heading-title.elementor-size-large{font-size:29px}.elementor-widget-heading .elementor-heading-title.elementor-size-xl{font-size:39px}.elementor-widget-heading .elementor-heading-title.elementor-size-xxl{font-size:59px}<\/style><h2 class=\"elementor-heading-title elementor-size-default\"><h3 class=\"elementor-image-box-title elementor-inline-editing pen\" data-elementor-setting-key=\"title_text\" data-elementor-inline-editing-toolbar=\"none\" data-pen-placeholder=\"Type Here...\" style=\"font-style: normal; text-align: center;\">Constru\u00e7\u00f5es Textuais de J\u00fari e Cr\u00edtica Cinematogr\u00e1fica<\/h3><\/h2>\t\t<\/div>\n\t\t\t\t<\/div>\n\t\t\t\t<div class=\"elementor-element elementor-element-9858b99 elementor-widget elementor-widget-text-editor\" data-id=\"9858b99\" data-element_type=\"widget\" data-widget_type=\"text-editor.default\">\n\t\t\t\t<div class=\"elementor-widget-container\">\n\t\t\t<style>\/*! elementor - v3.12.1 - 02-04-2023 *\/\n.elementor-widget-text-editor.elementor-drop-cap-view-stacked .elementor-drop-cap{background-color:#69727d;color:#fff}.elementor-widget-text-editor.elementor-drop-cap-view-framed .elementor-drop-cap{color:#69727d;border:3px solid;background-color:transparent}.elementor-widget-text-editor:not(.elementor-drop-cap-view-default) .elementor-drop-cap{margin-top:8px}.elementor-widget-text-editor:not(.elementor-drop-cap-view-default) .elementor-drop-cap-letter{width:1em;height:1em}.elementor-widget-text-editor .elementor-drop-cap{float:left;text-align:center;line-height:1;font-size:50px}.elementor-widget-text-editor .elementor-drop-cap-letter{display:inline-block}<\/style>\t\t\t\t<div>Ementa: Um grande desafio \u00e9 construir um texto convidativo e coerente. A partir do estudo das teorias do cinema, da hist\u00f3ria do cinema, da cria\u00e7\u00e3o e evolu\u00e7\u00e3o da linguagem cinematogr\u00e1fica esta oficina instiga os participantes para fazerem an\u00e1lise f\u00edlmica e constru\u00edrem seus pr\u00f3prios textos com m\u00e9todos pr\u00f3prios. Ser\u00e1 sugerida uma bibliografia para posterior aprofundamento. Ao final desta oficina ser\u00e1 organizado o j\u00fari Jovem do Festival de Cinema de Caruaru com os participantes.<\/div><div><b>Ministrante<\/b>: Edvaldo Santos \u00e9 P\u00f3s-graduado em Cinema e Linguagem Audiovisual, Psicopedagogia, Sociologia e Tecnologias na Educa\u00e7\u00e3o. \u00c9 professor da rede p\u00fablica estadual de ensino de Pernambuco. \u00c9 idealizador do Festival de Cinema de Caruaru. Como diretor e roteirista tem dez curtas-metragens finalizados. Atua como membro de j\u00fari em festivais de cinema. \u00c9 montador, diretor de fotografia e produtor de cinema.<br \/><b>Local<\/b>: ETE Nelson Barbalho\u00a0<\/div><div><b>Data<\/b>: 07 \u00e0 11\/08\/23<br \/><strong>Hor\u00e1rio:<\/strong> 14 \u00e0s 18 horas<\/div><div><b>P\u00fablico alvo<\/b>: P\u00fablico em geral com idade entre 18 e 28 anos.<\/div>\t\t\t\t\t\t<\/div>\n\t\t\t\t<\/div>\n\t\t\t\t\t<\/div>\n\t\t<\/div>\n\t\t\t\t<div class=\"elementor-column elementor-col-33 elementor-top-column elementor-element elementor-element-8cee8d2\" data-id=\"8cee8d2\" data-element_type=\"column\">\n\t\t\t<div class=\"elementor-widget-wrap\">\n\t\t\t\t\t\t\t\t\t<\/div>\n\t\t<\/div>\n\t\t\t\t\t\t\t<\/div>\n\t\t<\/section>\n\t\t\t\t<section class=\"elementor-section elementor-top-section elementor-element elementor-element-9d666cb elementor-section-boxed elementor-section-height-default elementor-section-height-default\" data-id=\"9d666cb\" data-element_type=\"section\">\n\t\t\t\t\t\t<div class=\"elementor-container elementor-column-gap-default\">\n\t\t\t\t\t<div class=\"elementor-column elementor-col-33 elementor-top-column elementor-element elementor-element-92ef89e\" data-id=\"92ef89e\" data-element_type=\"column\">\n\t\t\t<div class=\"elementor-widget-wrap\">\n\t\t\t\t\t\t\t\t\t<\/div>\n\t\t<\/div>\n\t\t\t\t<div class=\"elementor-column elementor-col-33 elementor-top-column elementor-element elementor-element-7005848\" data-id=\"7005848\" data-element_type=\"column\">\n\t\t\t<div class=\"elementor-widget-wrap elementor-element-populated\">\n\t\t\t\t\t\t\t\t<div class=\"elementor-element elementor-element-b892584 elementor-widget elementor-widget-image\" data-id=\"b892584\" data-element_type=\"widget\" data-widget_type=\"image.default\">\n\t\t\t\t<div class=\"elementor-widget-container\">\n\t\t\t\t\t\t\t\t\t\t\t\t\t\t\t<img decoding=\"async\" width=\"120\" height=\"120\" src=\"https:\/\/festivaldecaruaru.com.br\/2023\/wp-content\/uploads\/2023\/07\/Foto_CESAR.jpeg\" class=\"attachment-large size-large wp-image-4070\" alt=\"\" loading=\"lazy\" \/>\t\t\t\t\t\t\t\t\t\t\t\t\t\t\t<\/div>\n\t\t\t\t<\/div>\n\t\t\t\t<div class=\"elementor-element elementor-element-07fcd4f elementor-widget elementor-widget-heading\" data-id=\"07fcd4f\" data-element_type=\"widget\" data-widget_type=\"heading.default\">\n\t\t\t\t<div class=\"elementor-widget-container\">\n\t\t\t<h2 class=\"elementor-heading-title elementor-size-default\"><h3 class=\"elementor-image-box-title elementor-inline-editing pen\" data-elementor-setting-key=\"title_text\" data-elementor-inline-editing-toolbar=\"none\" data-pen-placeholder=\"Type Here...\" style=\"font-style: normal; text-align: center;\">Montagem \u2013 O que se torna filme<\/h3><\/h2>\t\t<\/div>\n\t\t\t\t<\/div>\n\t\t\t\t<div class=\"elementor-element elementor-element-6b1b035 elementor-widget elementor-widget-text-editor\" data-id=\"6b1b035\" data-element_type=\"widget\" data-widget_type=\"text-editor.default\">\n\t\t\t\t<div class=\"elementor-widget-container\">\n\t\t\t\t\t\t\t<p><b>Ementa<\/b>: Nesta oficina, ser\u00e1 explorado o conceito da montagem de forma anal\u00f3gica, desde a sua origem at\u00e9 a cria\u00e7\u00e3o de um filme. Analisaremos como a montagem, como t\u00e9cnica cinematogr\u00e1fica, \u00e9 capaz de transformar uma s\u00e9rie de imagens em uma narrativa visual envolvente e emocionante.<\/p><div><b>Ministrante<\/b>: C\u00e9sar Caos \u00e9 um editor e montador de v\u00eddeos, com uma paix\u00e3o pelas diversas linguagens do audiovisual. \u00c9 cin\u00e9filo desde sua inf\u00e2ncia, criou e participou de cineclubes em Caruaru onde sentiu sede de contar hist\u00f3rias levando-o a se especializar na edi\u00e7\u00e3o e montagem, onde desenvolveu um olhar peculiar para a fotografia de cinema e a habilidade de roteirizar, encontrando novas possibilidades de narrativa na ilha de edi\u00e7\u00e3o. Com mais de 10 anos de experi\u00eancia na \u00e1rea, trabalhou em uma variedade de projetos, incluindo curtas-metragens, longas-metragens, document\u00e1rios, miniss\u00e9ries e programas de TV, expandindo assim seu campo de conhecimento e expertise. Ao longo de sua carreira, Cesar Caos participou de projetos not\u00e1veis, exercendo diferentes fun\u00e7\u00f5es al\u00e9m da edi\u00e7\u00e3o e montagem.<\/div><div>\u00a0<\/div><div><b>Local<\/b>: ETE Nelson Barbalho<\/div><div>\u00a0<\/div><div><b>Data<\/b>: 15 a 17\/08\/23<\/div><div>\u00a0<\/div><div><strong>Hor\u00e1rio:<\/strong> 14 \u00e0s 18 horas<\/div><div>\u00a0<\/div><div><b>P\u00fablico alvo<\/b>: A oficina \u00e9 voltada para estudantes, entusiastas de cinema, profissionais da \u00e1rea audiovisual e qualquer pessoa interessada em aprender sobre o processo de montagem cinematogr\u00e1fica. N\u00e3o s\u00e3o necess\u00e1rios conhecimentos pr\u00e9vios espec\u00edficos, tornando-a acess\u00edvel para iniciantes.<\/div>\t\t\t\t\t\t<\/div>\n\t\t\t\t<\/div>\n\t\t\t\t\t<\/div>\n\t\t<\/div>\n\t\t\t\t<div class=\"elementor-column elementor-col-33 elementor-top-column elementor-element elementor-element-0b1544b\" data-id=\"0b1544b\" data-element_type=\"column\">\n\t\t\t<div class=\"elementor-widget-wrap\">\n\t\t\t\t\t\t\t\t\t<\/div>\n\t\t<\/div>\n\t\t\t\t\t\t\t<\/div>\n\t\t<\/section>\n\t\t\t\t\t\t\t<\/div>\n\t\t","protected":false},"excerpt":{"rendered":"<p>Constru\u00e7\u00f5es Textuais de J\u00fari e Cr\u00edtica Cinematogr\u00e1fica Ementa: Um grande desafio \u00e9 construir um texto convidativo e coerente. A partir do estudo das teorias do cinema, da hist\u00f3ria do cinema, da cria\u00e7\u00e3o e evolu\u00e7\u00e3o da linguagem cinematogr\u00e1fica esta oficina instiga os participantes para fazerem an\u00e1lise f\u00edlmica e constru\u00edrem seus pr\u00f3prios textos com m\u00e9todos pr\u00f3prios. Ser\u00e1 [&hellip;]<\/p>\n","protected":false},"author":1,"featured_media":0,"parent":0,"menu_order":0,"comment_status":"closed","ping_status":"closed","template":"","meta":[],"_links":{"self":[{"href":"https:\/\/festivaldecaruaru.com.br\/2023\/index.php?rest_route=\/wp\/v2\/pages\/4067"}],"collection":[{"href":"https:\/\/festivaldecaruaru.com.br\/2023\/index.php?rest_route=\/wp\/v2\/pages"}],"about":[{"href":"https:\/\/festivaldecaruaru.com.br\/2023\/index.php?rest_route=\/wp\/v2\/types\/page"}],"author":[{"embeddable":true,"href":"https:\/\/festivaldecaruaru.com.br\/2023\/index.php?rest_route=\/wp\/v2\/users\/1"}],"replies":[{"embeddable":true,"href":"https:\/\/festivaldecaruaru.com.br\/2023\/index.php?rest_route=%2Fwp%2Fv2%2Fcomments&post=4067"}],"version-history":[{"count":13,"href":"https:\/\/festivaldecaruaru.com.br\/2023\/index.php?rest_route=\/wp\/v2\/pages\/4067\/revisions"}],"predecessor-version":[{"id":4284,"href":"https:\/\/festivaldecaruaru.com.br\/2023\/index.php?rest_route=\/wp\/v2\/pages\/4067\/revisions\/4284"}],"wp:attachment":[{"href":"https:\/\/festivaldecaruaru.com.br\/2023\/index.php?rest_route=%2Fwp%2Fv2%2Fmedia&parent=4067"}],"curies":[{"name":"wp","href":"https:\/\/api.w.org\/{rel}","templated":true}]}}

<div data-elementor-type="wp-page" data-elementor-id="4067" class="elementor elementor-4067">
									<section class="elementor-section elementor-top-section elementor-element elementor-element-ae4aaa3 elementor-section-boxed elementor-section-height-default elementor-section-height-default" data-id="ae4aaa3" data-element_type="section">
						<div class="elementor-container elementor-column-gap-default">
					<div class="elementor-column elementor-col-33 elementor-top-column elementor-element elementor-element-bec471a" data-id="bec471a" data-element_type="column">
			<div class="elementor-widget-wrap elementor-element-populated">
								<div class="elementor-element elementor-element-1168025 elementor-widget elementor-widget-image" data-id="1168025" data-element_type="widget" data-widget_type="image.default">
				<div class="elementor-widget-container">
			<style>/*! elementor - v3.12.1 - 02-04-2023 */
.elementor-widget-image{text-align:center}.elementor-widget-image a{display:inline-block}.elementor-widget-image a img[src$=".svg"]{width:48px}.elementor-widget-image img{vertical-align:middle;display:inline-block}</style>												<img decoding="async" width="488" height="514" src="https://festivaldecaruaru.com.br/2023/wp-content/uploads/2023/04/DETALHE_LINHAS.png" class="attachment-large size-large wp-image-3995" alt="" loading="lazy" srcset="https://festivaldecaruaru.com.br/2023/wp-content/uploads/2023/04/DETALHE_LINHAS.png 488w, https://festivaldecaruaru.com.br/2023/wp-content/uploads/2023/04/DETALHE_LINHAS-285x300.png 285w" sizes="(max-width: 488px) 100vw, 488px" />															</div>
				</div>
					</div>
		</div>
				<div class="elementor-column elementor-col-33 elementor-top-column elementor-element elementor-element-33ad2f8" data-id="33ad2f8" data-element_type="column">
			<div class="elementor-widget-wrap elementor-element-populated">
								<div class="elementor-element elementor-element-7faf838 elementor-widget elementor-widget-image" data-id="7faf838" data-element_type="widget" data-widget_type="image.default">
				<div class="elementor-widget-container">
															<img decoding="async" width="120" height="120" src="https://festivaldecaruaru.com.br/2023/wp-content/uploads/2023/07/Foto_Edvaldo.jpeg" class="attachment-large size-large wp-image-4069" alt="" loading="lazy" />															</div>
				</div>
				<div class="elementor-element elementor-element-89460f1 elementor-widget elementor-widget-heading" data-id="89460f1" data-element_type="widget" data-widget_type="heading.default">
				<div class="elementor-widget-container">
			<style>/*! elementor - v3.12.1 - 02-04-2023 */
.elementor-heading-title{padding:0;margin:0;line-height:1}.elementor-widget-heading .elementor-heading-title[class*=elementor-size-]>a{color:inherit;font-size:inherit;line-height:inherit}.elementor-widget-heading .elementor-heading-title.elementor-size-small{font-size:15px}.elementor-widget-heading .elementor-heading-title.elementor-size-medium{font-size:19px}.elementor-widget-heading .elementor-heading-title.elementor-size-large{font-size:29px}.elementor-widget-heading .elementor-heading-title.elementor-size-xl{font-size:39px}.elementor-widget-heading .elementor-heading-title.elementor-size-xxl{font-size:59px}</style><h2 class="elementor-heading-title elementor-size-default"><h3 class="elementor-image-box-title elementor-inline-editing pen" data-elementor-setting-key="title_text" data-elementor-inline-editing-toolbar="none" data-pen-placeholder="Type Here..." style="font-style: normal; text-align: center;">Construções Textuais de Júri e Crítica Cinematográfica</h3></h2>		</div>
				</div>
				<div class="elementor-element elementor-element-9858b99 elementor-widget elementor-widget-text-editor" data-id="9858b99" data-element_type="widget" data-widget_type="text-editor.default">
				<div class="elementor-widget-container">
			<style>/*! elementor - v3.12.1 - 02-04-2023 */
.elementor-widget-text-editor.elementor-drop-cap-view-stacked .elementor-drop-cap{background-color:#69727d;color:#fff}.elementor-widget-text-editor.elementor-drop-cap-view-framed .elementor-drop-cap{color:#69727d;border:3px solid;background-color:transparent}.elementor-widget-text-editor:not(.elementor-drop-cap-view-default) .elementor-drop-cap{margin-top:8px}.elementor-widget-text-editor:not(.elementor-drop-cap-view-default) .elementor-drop-cap-letter{width:1em;height:1em}.elementor-widget-text-editor .elementor-drop-cap{float:left;text-align:center;line-height:1;font-size:50px}.elementor-widget-text-editor .elementor-drop-cap-letter{display:inline-block}</style>				<div>Ementa: Um grande desafio é construir um texto convidativo e coerente. A partir do estudo das teorias do cinema, da história do cinema, da criação e evolução da linguagem cinematográfica esta oficina instiga os participantes para fazerem análise fílmica e construírem seus próprios textos com métodos próprios. Será sugerida uma bibliografia para posterior aprofundamento. Ao final desta oficina será organizado o júri Jovem do Festival de Cinema de Caruaru com os participantes.</div><div><b>Ministrante</b>: Edvaldo Santos é Pós-graduado em Cinema e Linguagem Audiovisual, Psicopedagogia, Sociologia e Tecnologias na Educação. É professor da rede pública estadual de ensino de Pernambuco. É idealizador do Festival de Cinema de Caruaru. Como diretor e roteirista tem dez curtas-metragens finalizados. Atua como membro de júri em festivais de cinema. É montador, diretor de fotografia e produtor de cinema.<br /><b>Local</b>: ETE Nelson Barbalho </div><div><b>Data</b>: 07 à 11/08/23<br /><strong>Horário:</strong> 14 às 18 horas</div><div><b>Público alvo</b>: Público em geral com idade entre 18 e 28 anos.</div>						</div>
				</div>
					</div>
		</div>
				<div class="elementor-column elementor-col-33 elementor-top-column elementor-element elementor-element-8cee8d2" data-id="8cee8d2" data-element_type="column">
			<div class="elementor-widget-wrap">
									</div>
		</div>
							</div>
		</section>
				<section class="elementor-section elementor-top-section elementor-element elementor-element-9d666cb elementor-section-boxed elementor-section-height-default elementor-section-height-default" data-id="9d666cb" data-element_type="section">
						<div class="elementor-container elementor-column-gap-default">
					<div class="elementor-column elementor-col-33 elementor-top-column elementor-element elementor-element-92ef89e" data-id="92ef89e" data-element_type="column">
			<div class="elementor-widget-wrap">
									</div>
		</div>
				<div class="elementor-column elementor-col-33 elementor-top-column elementor-element elementor-element-7005848" data-id="7005848" data-element_type="column">
			<div class="elementor-widget-wrap elementor-element-populated">
								<div class="elementor-element elementor-element-b892584 elementor-widget elementor-widget-image" data-id="b892584" data-element_type="widget" data-widget_type="image.default">
				<div class="elementor-widget-container">
															<img decoding="async" width="120" height="120" src="https://festivaldecaruaru.com.br/2023/wp-content/uploads/2023/07/Foto_CESAR.jpeg" class="attachment-large size-large wp-image-4070" alt="" loading="lazy" />															</div>
				</div>
				<div class="elementor-element elementor-element-07fcd4f elementor-widget elementor-widget-heading" data-id="07fcd4f" data-element_type="widget" data-widget_type="heading.default">
				<div class="elementor-widget-container">
			<h2 class="elementor-heading-title elementor-size-default"><h3 class="elementor-image-box-title elementor-inline-editing pen" data-elementor-setting-key="title_text" data-elementor-inline-editing-toolbar="none" data-pen-placeholder="Type Here..." style="font-style: normal; text-align: center;">Montagem – O que se torna filme</h3></h2>		</div>
				</div>
				<div class="elementor-element elementor-element-6b1b035 elementor-widget elementor-widget-text-editor" data-id="6b1b035" data-element_type="widget" data-widget_type="text-editor.default">
				<div class="elementor-widget-container">
							<p><b>Ementa</b>: Nesta oficina, será explorado o conceito da montagem de forma analógica, desde a sua origem até a criação de um filme. Analisaremos como a montagem, como técnica cinematográfica, é capaz de transformar uma série de imagens em uma narrativa visual envolvente e emocionante.</p><div><b>Ministrante</b>: César Caos é um editor e montador de vídeos, com uma paixão pelas diversas linguagens do audiovisual. É cinéfilo desde sua infância, criou e participou de cineclubes em Caruaru onde sentiu sede de contar histórias levando-o a se especializar na edição e montagem, onde desenvolveu um olhar peculiar para a fotografia de cinema e a habilidade de roteirizar, encontrando novas possibilidades de narrativa na ilha de edição. Com mais de 10 anos de experiência na área, trabalhou em uma variedade de projetos, incluindo curtas-metragens, longas-metragens, documentários, minisséries e programas de TV, expandindo assim seu campo de conhecimento e expertise. Ao longo de sua carreira, Cesar Caos participou de projetos notáveis, exercendo diferentes funções além da edição e montagem.</div><div> </div><div><b>Local</b>: ETE Nelson Barbalho</div><div> </div><div><b>Data</b>: 15 a 17/08/23</div><div> </div><div><strong>Horário:</strong> 14 às 18 horas</div><div> </div><div><b>Público alvo</b>: A oficina é voltada para estudantes, entusiastas de cinema, profissionais da área audiovisual e qualquer pessoa interessada em aprender sobre o processo de montagem cinematográfica. Não são necessários conhecimentos prévios específicos, tornando-a acessível para iniciantes.</div>						</div>
				</div>
					</div>
		</div>
				<div class="elementor-column elementor-col-33 elementor-top-column elementor-element elementor-element-0b1544b" data-id="0b1544b" data-element_type="column">
			<div class="elementor-widget-wrap">
									</div>
		</div>
							</div>
		</section>
							</div>

<p>Construções Textuais de Júri e Crítica Cinematográfica Ementa: Um grande desafio é construir um texto convidativo e coerente. A partir do estudo das teorias do cinema, da história do cinema, da criação e evolução da linguagem cinematográfica esta oficina instiga os participantes para fazerem análise fílmica e construírem seus próprios textos com métodos próprios. Será [&hellip;]</p>
