{"id":4240,"date":"2023-07-28T12:27:59","date_gmt":"2023-07-28T12:27:59","guid":{"rendered":"https:\/\/festivaldecaruaru.com.br\/2023\/?page_id=4240"},"modified":"2023-10-22T11:06:56","modified_gmt":"2023-10-22T11:06:56","slug":"premiacao","status":"publish","type":"page","link":"https:\/\/festivaldecaruaru.com.br\/2023\/?page_id=4240","title":{"rendered":"Premia\u00e7\u00e3o"},"content":{"rendered":"\t\t<div data-elementor-type=\"wp-page\" data-elementor-id=\"4240\" class=\"elementor elementor-4240\">\n\t\t\t\t\t\t\t\t\t<section class=\"elementor-section elementor-top-section elementor-element elementor-element-fc22d42 elementor-section-boxed elementor-section-height-default elementor-section-height-default\" data-id=\"fc22d42\" data-element_type=\"section\">\n\t\t\t\t\t\t<div class=\"elementor-container elementor-column-gap-default\">\n\t\t\t\t\t<div class=\"elementor-column elementor-col-33 elementor-top-column elementor-element elementor-element-7437bac\" data-id=\"7437bac\" data-element_type=\"column\">\n\t\t\t<div class=\"elementor-widget-wrap\">\n\t\t\t\t\t\t\t\t\t<\/div>\n\t\t<\/div>\n\t\t\t\t<div class=\"elementor-column elementor-col-33 elementor-top-column elementor-element elementor-element-596887b\" data-id=\"596887b\" data-element_type=\"column\">\n\t\t\t<div class=\"elementor-widget-wrap elementor-element-populated\">\n\t\t\t\t\t\t\t\t<div class=\"elementor-element elementor-element-65ddbfb elementor-widget elementor-widget-text-editor\" data-id=\"65ddbfb\" data-element_type=\"widget\" data-widget_type=\"text-editor.default\">\n\t\t\t\t<div class=\"elementor-widget-container\">\n\t\t\t<style>\/*! elementor - v3.12.1 - 02-04-2023 *\/\n.elementor-widget-text-editor.elementor-drop-cap-view-stacked .elementor-drop-cap{background-color:#69727d;color:#fff}.elementor-widget-text-editor.elementor-drop-cap-view-framed .elementor-drop-cap{color:#69727d;border:3px solid;background-color:transparent}.elementor-widget-text-editor:not(.elementor-drop-cap-view-default) .elementor-drop-cap{margin-top:8px}.elementor-widget-text-editor:not(.elementor-drop-cap-view-default) .elementor-drop-cap-letter{width:1em;height:1em}.elementor-widget-text-editor .elementor-drop-cap{float:left;text-align:center;line-height:1;font-size:50px}.elementor-widget-text-editor .elementor-drop-cap-letter{display:inline-block}<\/style>\t\t\t\t<p><strong>MOSTRA AGRESTE<\/strong><br \/><strong>Melhor Filme<\/strong><\/p><p>Abri\u00e7\u00e3o de Portas, dir Jaime Guimar\u00e3es, Campina Grande \u2013 PB<\/p><p><strong>Justificativa: <\/strong>A combina\u00e7\u00e3o de misticismo, realidade e cultura popular no contexto do Reisado de Z\u00e9 de Moura, no sert\u00e3o da Para\u00edba, nos oferece uma rica base entre cren\u00e7as tradicionais e sobrenaturais, contadas pela hist\u00f3ria de um povo. O filme entrela\u00e7a elementos m\u00edsticos, com uma fotografia impec\u00e1vel conduzida pela sens\u00edvel dire\u00e7\u00e3o de Jaime Guimar\u00e3es, que passeia entre narrativas do que s\u00e3o as hist\u00f3rias folcl\u00f3ricas e at\u00e9 onde vai a realidade, com depoimentos que abra\u00e7am o saudosismo e a paix\u00e3o por um tempo que outrora dominava o imagin\u00e1rio popular, onde ainda permanece v\u00edvido como forma de manter o mist\u00e9rio e a lenda de Z\u00e9 de Moura. O filme tra\u00e7a depoimentos e imagens que nos envolve em uma hist\u00f3ria profunda que s\u00f3 mesmo os sert\u00f5es nos oferecem.<\/p><p><strong>Melhor Filme do J\u00fari Jovem<\/strong><\/p><p>Arte e P\u00f3lvora, dir. Emilly Eduarda Marques, Caruaru-PE<\/p><p><strong>Justificativa: <\/strong>O curta consegue contar a hist\u00f3ria dos bacamarteiros de forma aut\u00eantica e cativante, fazendo transbordar a riqueza presente nessa tradi\u00e7\u00e3o. A fotografia \u00e9 um deleite visual, com suas cores exalta os tons caracter\u00edsticos externalizados nos trajes, nas armas e no pr\u00f3prio agreste onde esse costume \u00e9 cultivado. Cada cena \u00e9 cuidadosamente enquadrada e composta, transformando o cen\u00e1rio do agreste em uma verdadeira pintura em movimento. A aten\u00e7\u00e3o aos detalhes e a escolha cuidadosa das imagens contribuem para a imers\u00e3o do p\u00fablico na cultura local, enriquecendo a experi\u00eancia de assistir. A narrativa constru\u00edda revela uma sensibilidade not\u00e1vel por parte da equipe de produ\u00e7\u00e3o, que conseguiu capturar n\u00e3o apenas os fatos hist\u00f3ricos, mas tamb\u00e9m as emo\u00e7\u00f5es intr\u00ednsecas \u00e0s viv\u00eancias das personagens.<\/p><p><strong>Melhor Dire\u00e7\u00e3o<\/strong><\/p><p>Jaime Guimar\u00e3es do filme Abri\u00e7\u00e3o de Portas<\/p><p><strong>Melhor Roteiro<\/strong><\/p><p>Virg\u00ednia Guimar\u00e3es do filme Filhos Ausentes<\/p><p><strong>Melhor Fotografia<\/strong><\/p><p>Breno C\u00e9sar do filme Abri\u00e7\u00e3o de Portas<\/p><p><strong>Melhor Dire\u00e7\u00e3o de Arte<\/strong><\/p><p>Jansen Barros e Virg\u00ednia Guimar\u00e3es do filme Filhos Ausentes<\/p><p><strong>Melhor Desenho de Som<\/strong><\/p><p>Romero Coelho do filme Abri\u00e7\u00e3o de Portas<\/p><p><strong>Melhor Ator<\/strong><\/p><p>Erick Marinho do filme Em Algum Lugar do Tempo<\/p><p><strong>Melhor Atriz<\/strong><\/p><p>Joana Marques do filme Confins<\/p><p><strong>Melhor P\u00f4ster<\/strong><\/p><p>Andr\u00e9 Medeiros do filme Tudo o que Restou<\/p><p><strong>MOSTRA BRASIL<\/strong><\/p><p><strong>Melhor Filme<\/strong><\/p><p>Big Bang, dir. Carlos Segundo, Uberl\u00e2ndia-MG<\/p><p><strong>Justificativa:\u00a0<\/strong><span style=\"font-style: inherit; font-weight: inherit;\">Big Bang se caracteriza como um curta de reflex\u00e3o social e pol\u00edtica retratado em diversas vezes na consci\u00eancia de classe exposta pelos personagens e dirigida brilhantemente pelo diretor.<\/span><\/p><p>Destacamos o dialogo da fotografia com o desenho de som que contam a hist\u00f3ria de maneira excepcional. Os planos, enquadramentos e recortes do curta proporcionam um mergulho na vis\u00e3o de mundo de Chico.<\/p><p>Ressalto a profundidade do trabalho de atua\u00e7\u00e3o de Giovanni Venturini, protagonista da narrativa, que nos faz mergulhar no seu personagem solit\u00e1rio, dram\u00e1tico e misterioso. Venturini brilha em tela em todo momento que aparece; \u00e9 uma composi\u00e7\u00e3o de car\u00e1ter \u00fanico e reflexivo.<\/p><p>Carlos Segundo faz um trabalho impec\u00e1vel na dire\u00e7\u00e3o desta obra audiovisual, nos conduz as diversas sensa\u00e7\u00f5es do protagonista com maestria, deixando claro a sensibilidade em guiar a narrativa de um personagem t\u00e3o emblem\u00e1tico.<\/p><p><strong>Melhor Filme do J\u00fari Jovem<\/strong><\/p><p>Ela Mora Logo Al\u00ed, dir. Rafael Rogante e Fabiano Barros, Porto Velho-RO<\/p><p><strong>Justificativa: <\/strong>O curta-metragem traz uma narrativa profunda retratando de forma sens\u00edvel e emocionante uma jornada inspiradora. Com uma excelente fotografia, captura perfeitamente a ess\u00eancia do amor incondicional de uma m\u00e3e, a for\u00e7a que ela encontra em situa\u00e7\u00f5es desafiadoras e a import\u00e2ncia de nunca desistir, mesmo quando as adversidades parecem esmagadoras. A dire\u00e7\u00e3o habilidosa, as atua\u00e7\u00f5es aut\u00eanticas e a trilha sonora tocante se unem para criar uma experi\u00eancia cinematogr\u00e1fica memor\u00e1vel. A tem\u00e1tica do analfabetismo \u00e9 tratada com tanta sensibilidade que transforma o filme em uma obra de arte extremamente emocionante tocando os cora\u00e7\u00f5es de todos que a assistem.<\/p><p><strong>Melhor Dire\u00e7\u00e3o<\/strong><\/p><p>Renan Montenegro do filme Nada se Perde<\/p><p><strong>Melhor Roteiro<\/strong><\/p><p>Igor Cerqueira do filme Nada se Perde<\/p><p><strong>Melhor Fotografia<\/strong><\/p><p>Fernando Macedo do filme \u00daltimo Domingo<\/p><p><strong>Melhor Dire\u00e7\u00e3o de Arte<\/strong><br \/>Chiara Sengberg e Rafaela Franco do filme Fora do Dom\u00ednio<\/p><p><strong>Melhor Desenho de Som<\/strong><br \/>Antoine Bertucci do filme Big Bang<\/p><p><strong>Melhor Ator<\/strong><\/p><p>Chico de Assis do filme Uiev\u00f4 Opar\u00e1<\/p><p><strong>Melhor Atriz<\/strong><\/p><p>J\u00e9ssica Elen do filme Ultimo Domingo<\/p><p><strong>Melhor P\u00f4ster<\/strong><\/p><p>Pescadoras em rede: As Mulheres da Gamboa de Baixo<\/p><p><strong>MOSTRA LATINA-AMERICANA<\/strong><br \/><strong>Melhor Filme<\/strong><\/p><p>Elena, dir. Diana Mu\u00f1oz, M\u00e9xico<\/p><p><strong>Justificativa:<\/strong><\/p><p><strong>MOSTRA FANT\u00c1STICOS<\/strong><br \/><strong>Melhor Filme<\/strong><\/p><p>Surpresa!, dir. Jorge Filho, Recife-PE<\/p><p><strong>Justificativa:<\/strong><\/p><p><strong>MOSTRA ADOLESCINE<\/strong><br \/><strong>Melhor Filme<\/strong><\/p><p>Eu Youtuber, dir. Rodrigo Sena, Natal-RN<\/p><p><strong>MOSTRA INFANTIL<\/strong><br \/><strong>Melhor Filme<\/strong><\/p><p>Amei te Ver, dir. Ricardo Garcia, Atibaia-SP<\/p>\t\t\t\t\t\t<\/div>\n\t\t\t\t<\/div>\n\t\t\t\t\t<\/div>\n\t\t<\/div>\n\t\t\t\t<div class=\"elementor-column elementor-col-33 elementor-top-column elementor-element elementor-element-d3aba1e\" data-id=\"d3aba1e\" data-element_type=\"column\">\n\t\t\t<div class=\"elementor-widget-wrap\">\n\t\t\t\t\t\t\t\t\t<\/div>\n\t\t<\/div>\n\t\t\t\t\t\t\t<\/div>\n\t\t<\/section>\n\t\t\t\t\t\t\t<\/div>\n\t\t","protected":false},"excerpt":{"rendered":"<p>MOSTRA AGRESTEMelhor Filme Abri\u00e7\u00e3o de Portas, dir Jaime Guimar\u00e3es, Campina Grande \u2013 PB Justificativa: A combina\u00e7\u00e3o de misticismo, realidade e cultura popular no contexto do Reisado de Z\u00e9 de Moura, no sert\u00e3o da Para\u00edba, nos oferece uma rica base entre cren\u00e7as tradicionais e sobrenaturais, contadas pela hist\u00f3ria de um povo. O filme entrela\u00e7a elementos m\u00edsticos, [&hellip;]<\/p>\n","protected":false},"author":1,"featured_media":0,"parent":0,"menu_order":0,"comment_status":"closed","ping_status":"closed","template":"","meta":[],"_links":{"self":[{"href":"https:\/\/festivaldecaruaru.com.br\/2023\/index.php?rest_route=\/wp\/v2\/pages\/4240"}],"collection":[{"href":"https:\/\/festivaldecaruaru.com.br\/2023\/index.php?rest_route=\/wp\/v2\/pages"}],"about":[{"href":"https:\/\/festivaldecaruaru.com.br\/2023\/index.php?rest_route=\/wp\/v2\/types\/page"}],"author":[{"embeddable":true,"href":"https:\/\/festivaldecaruaru.com.br\/2023\/index.php?rest_route=\/wp\/v2\/users\/1"}],"replies":[{"embeddable":true,"href":"https:\/\/festivaldecaruaru.com.br\/2023\/index.php?rest_route=%2Fwp%2Fv2%2Fcomments&post=4240"}],"version-history":[{"count":10,"href":"https:\/\/festivaldecaruaru.com.br\/2023\/index.php?rest_route=\/wp\/v2\/pages\/4240\/revisions"}],"predecessor-version":[{"id":4367,"href":"https:\/\/festivaldecaruaru.com.br\/2023\/index.php?rest_route=\/wp\/v2\/pages\/4240\/revisions\/4367"}],"wp:attachment":[{"href":"https:\/\/festivaldecaruaru.com.br\/2023\/index.php?rest_route=%2Fwp%2Fv2%2Fmedia&parent=4240"}],"curies":[{"name":"wp","href":"https:\/\/api.w.org\/{rel}","templated":true}]}}

Premiação

<div data-elementor-type="wp-page" data-elementor-id="4240" class="elementor elementor-4240">
									<section class="elementor-section elementor-top-section elementor-element elementor-element-fc22d42 elementor-section-boxed elementor-section-height-default elementor-section-height-default" data-id="fc22d42" data-element_type="section">
						<div class="elementor-container elementor-column-gap-default">
					<div class="elementor-column elementor-col-33 elementor-top-column elementor-element elementor-element-7437bac" data-id="7437bac" data-element_type="column">
			<div class="elementor-widget-wrap">
									</div>
		</div>
				<div class="elementor-column elementor-col-33 elementor-top-column elementor-element elementor-element-596887b" data-id="596887b" data-element_type="column">
			<div class="elementor-widget-wrap elementor-element-populated">
								<div class="elementor-element elementor-element-65ddbfb elementor-widget elementor-widget-text-editor" data-id="65ddbfb" data-element_type="widget" data-widget_type="text-editor.default">
				<div class="elementor-widget-container">
			<style>/*! elementor - v3.12.1 - 02-04-2023 */
.elementor-widget-text-editor.elementor-drop-cap-view-stacked .elementor-drop-cap{background-color:#69727d;color:#fff}.elementor-widget-text-editor.elementor-drop-cap-view-framed .elementor-drop-cap{color:#69727d;border:3px solid;background-color:transparent}.elementor-widget-text-editor:not(.elementor-drop-cap-view-default) .elementor-drop-cap{margin-top:8px}.elementor-widget-text-editor:not(.elementor-drop-cap-view-default) .elementor-drop-cap-letter{width:1em;height:1em}.elementor-widget-text-editor .elementor-drop-cap{float:left;text-align:center;line-height:1;font-size:50px}.elementor-widget-text-editor .elementor-drop-cap-letter{display:inline-block}</style>				<p><strong>MOSTRA AGRESTE</strong><br /><strong>Melhor Filme</strong></p><p>Abrição de Portas, dir Jaime Guimarães, Campina Grande – PB</p><p><strong>Justificativa: </strong>A combinação de misticismo, realidade e cultura popular no contexto do Reisado de Zé de Moura, no sertão da Paraíba, nos oferece uma rica base entre crenças tradicionais e sobrenaturais, contadas pela história de um povo. O filme entrelaça elementos místicos, com uma fotografia impecável conduzida pela sensível direção de Jaime Guimarães, que passeia entre narrativas do que são as histórias folclóricas e até onde vai a realidade, com depoimentos que abraçam o saudosismo e a paixão por um tempo que outrora dominava o imaginário popular, onde ainda permanece vívido como forma de manter o mistério e a lenda de Zé de Moura. O filme traça depoimentos e imagens que nos envolve em uma história profunda que só mesmo os sertões nos oferecem.</p><p><strong>Melhor Filme do Júri Jovem</strong></p><p>Arte e Pólvora, dir. Emilly Eduarda Marques, Caruaru-PE</p><p><strong>Justificativa: </strong>O curta consegue contar a história dos bacamarteiros de forma autêntica e cativante, fazendo transbordar a riqueza presente nessa tradição. A fotografia é um deleite visual, com suas cores exalta os tons característicos externalizados nos trajes, nas armas e no próprio agreste onde esse costume é cultivado. Cada cena é cuidadosamente enquadrada e composta, transformando o cenário do agreste em uma verdadeira pintura em movimento. A atenção aos detalhes e a escolha cuidadosa das imagens contribuem para a imersão do público na cultura local, enriquecendo a experiência de assistir. A narrativa construída revela uma sensibilidade notável por parte da equipe de produção, que conseguiu capturar não apenas os fatos históricos, mas também as emoções intrínsecas às vivências das personagens.</p><p><strong>Melhor Direção</strong></p><p>Jaime Guimarães do filme Abrição de Portas</p><p><strong>Melhor Roteiro</strong></p><p>Virgínia Guimarães do filme Filhos Ausentes</p><p><strong>Melhor Fotografia</strong></p><p>Breno César do filme Abrição de Portas</p><p><strong>Melhor Direção de Arte</strong></p><p>Jansen Barros e Virgínia Guimarães do filme Filhos Ausentes</p><p><strong>Melhor Desenho de Som</strong></p><p>Romero Coelho do filme Abrição de Portas</p><p><strong>Melhor Ator</strong></p><p>Erick Marinho do filme Em Algum Lugar do Tempo</p><p><strong>Melhor Atriz</strong></p><p>Joana Marques do filme Confins</p><p><strong>Melhor Pôster</strong></p><p>André Medeiros do filme Tudo o que Restou</p><p><strong>MOSTRA BRASIL</strong></p><p><strong>Melhor Filme</strong></p><p>Big Bang, dir. Carlos Segundo, Uberlândia-MG</p><p><strong>Justificativa: </strong><span style="font-style: inherit; font-weight: inherit;">Big Bang se caracteriza como um curta de reflexão social e política retratado em diversas vezes na consciência de classe exposta pelos personagens e dirigida brilhantemente pelo diretor.</span></p><p>Destacamos o dialogo da fotografia com o desenho de som que contam a história de maneira excepcional. Os planos, enquadramentos e recortes do curta proporcionam um mergulho na visão de mundo de Chico.</p><p>Ressalto a profundidade do trabalho de atuação de Giovanni Venturini, protagonista da narrativa, que nos faz mergulhar no seu personagem solitário, dramático e misterioso. Venturini brilha em tela em todo momento que aparece; é uma composição de caráter único e reflexivo.</p><p>Carlos Segundo faz um trabalho impecável na direção desta obra audiovisual, nos conduz as diversas sensações do protagonista com maestria, deixando claro a sensibilidade em guiar a narrativa de um personagem tão emblemático.</p><p><strong>Melhor Filme do Júri Jovem</strong></p><p>Ela Mora Logo Alí, dir. Rafael Rogante e Fabiano Barros, Porto Velho-RO</p><p><strong>Justificativa: </strong>O curta-metragem traz uma narrativa profunda retratando de forma sensível e emocionante uma jornada inspiradora. Com uma excelente fotografia, captura perfeitamente a essência do amor incondicional de uma mãe, a força que ela encontra em situações desafiadoras e a importância de nunca desistir, mesmo quando as adversidades parecem esmagadoras. A direção habilidosa, as atuações autênticas e a trilha sonora tocante se unem para criar uma experiência cinematográfica memorável. A temática do analfabetismo é tratada com tanta sensibilidade que transforma o filme em uma obra de arte extremamente emocionante tocando os corações de todos que a assistem.</p><p><strong>Melhor Direção</strong></p><p>Renan Montenegro do filme Nada se Perde</p><p><strong>Melhor Roteiro</strong></p><p>Igor Cerqueira do filme Nada se Perde</p><p><strong>Melhor Fotografia</strong></p><p>Fernando Macedo do filme Último Domingo</p><p><strong>Melhor Direção de Arte</strong><br />Chiara Sengberg e Rafaela Franco do filme Fora do Domínio</p><p><strong>Melhor Desenho de Som</strong><br />Antoine Bertucci do filme Big Bang</p><p><strong>Melhor Ator</strong></p><p>Chico de Assis do filme Uievô Opará</p><p><strong>Melhor Atriz</strong></p><p>Jéssica Elen do filme Ultimo Domingo</p><p><strong>Melhor Pôster</strong></p><p>Pescadoras em rede: As Mulheres da Gamboa de Baixo</p><p><strong>MOSTRA LATINA-AMERICANA</strong><br /><strong>Melhor Filme</strong></p><p>Elena, dir. Diana Muñoz, México</p><p><strong>Justificativa:</strong></p><p><strong>MOSTRA FANTÁSTICOS</strong><br /><strong>Melhor Filme</strong></p><p>Surpresa!, dir. Jorge Filho, Recife-PE</p><p><strong>Justificativa:</strong></p><p><strong>MOSTRA ADOLESCINE</strong><br /><strong>Melhor Filme</strong></p><p>Eu Youtuber, dir. Rodrigo Sena, Natal-RN</p><p><strong>MOSTRA INFANTIL</strong><br /><strong>Melhor Filme</strong></p><p>Amei te Ver, dir. Ricardo Garcia, Atibaia-SP</p>						</div>
				</div>
					</div>
		</div>
				<div class="elementor-column elementor-col-33 elementor-top-column elementor-element elementor-element-d3aba1e" data-id="d3aba1e" data-element_type="column">
			<div class="elementor-widget-wrap">
									</div>
		</div>
							</div>
		</section>
							</div>

<p>MOSTRA AGRESTEMelhor Filme Abrição de Portas, dir Jaime Guimarães, Campina Grande – PB Justificativa: A combinação de misticismo, realidade e cultura popular no contexto do Reisado de Zé de Moura, no sertão da Paraíba, nos oferece uma rica base entre crenças tradicionais e sobrenaturais, contadas pela história de um povo. O filme entrelaça elementos místicos, [&hellip;]</p>
