{"id":4250,"date":"2023-07-28T14:30:21","date_gmt":"2023-07-28T14:30:21","guid":{"rendered":"https:\/\/festivaldecaruaru.com.br\/2023\/?page_id=4250"},"modified":"2023-10-20T01:42:35","modified_gmt":"2023-10-20T01:42:35","slug":"trofeu-jose-conde","status":"publish","type":"page","link":"https:\/\/festivaldecaruaru.com.br\/2023\/?page_id=4250","title":{"rendered":"Trofeu Jos\u00e9 Cond\u00e9"},"content":{"rendered":"\t\t<div data-elementor-type=\"wp-page\" data-elementor-id=\"4250\" class=\"elementor elementor-4250\">\n\t\t\t\t\t\t\t\t\t<section class=\"elementor-section elementor-top-section elementor-element elementor-element-8ebc965 elementor-section-boxed elementor-section-height-default elementor-section-height-default\" data-id=\"8ebc965\" data-element_type=\"section\">\n\t\t\t\t\t\t<div class=\"elementor-container elementor-column-gap-default\">\n\t\t\t\t\t<div class=\"elementor-column elementor-col-100 elementor-top-column elementor-element elementor-element-72224d7\" data-id=\"72224d7\" data-element_type=\"column\">\n\t\t\t<div class=\"elementor-widget-wrap elementor-element-populated\">\n\t\t\t\t\t\t\t\t<div class=\"elementor-element elementor-element-875f307 elementor-widget elementor-widget-video\" data-id=\"875f307\" data-element_type=\"widget\" data-settings=\"{&quot;youtube_url&quot;:&quot;https:\\\/\\\/youtu.be\\\/S7IXhMJBuW0&quot;,&quot;video_type&quot;:&quot;youtube&quot;,&quot;controls&quot;:&quot;yes&quot;}\" data-widget_type=\"video.default\">\n\t\t\t\t<div class=\"elementor-widget-container\">\n\t\t\t<style>\/*! elementor - v3.12.1 - 02-04-2023 *\/\n.elementor-widget-video .elementor-widget-container{overflow:hidden;transform:translateZ(0)}.elementor-widget-video .elementor-wrapper iframe,.elementor-widget-video .elementor-wrapper video{height:100%;width:100%;display:flex;border:none;background-color:#000}.elementor-widget-video .elementor-open-inline .elementor-custom-embed-image-overlay{position:absolute;top:0;left:0;width:100%;height:100%;background-size:cover;background-position:50%}.elementor-widget-video .elementor-custom-embed-image-overlay{cursor:pointer;text-align:center}.elementor-widget-video .elementor-custom-embed-image-overlay:hover .elementor-custom-embed-play i{opacity:1}.elementor-widget-video .elementor-custom-embed-image-overlay img{display:block;width:100%}.elementor-widget-video .e-hosted-video .elementor-video{-o-object-fit:cover;object-fit:cover}.e-con-inner>.elementor-widget-video,.e-con>.elementor-widget-video{width:var(--container-widget-width);--flex-grow:var(--container-widget-flex-grow)}<\/style>\t\t<div class=\"elementor-wrapper elementor-open-inline\">\n\t\t\t<div class=\"elementor-video\"><\/div>\t\t<\/div>\n\t\t\t\t<\/div>\n\t\t\t\t<\/div>\n\t\t\t\t\t<\/div>\n\t\t<\/div>\n\t\t\t\t\t\t\t<\/div>\n\t\t<\/section>\n\t\t\t\t<section class=\"elementor-section elementor-top-section elementor-element elementor-element-f40d5e5 elementor-section-boxed elementor-section-height-default elementor-section-height-default\" data-id=\"f40d5e5\" data-element_type=\"section\">\n\t\t\t\t\t\t<div class=\"elementor-container elementor-column-gap-default\">\n\t\t\t\t\t<div class=\"elementor-column elementor-col-100 elementor-top-column elementor-element elementor-element-f868a59\" data-id=\"f868a59\" data-element_type=\"column\">\n\t\t\t<div class=\"elementor-widget-wrap elementor-element-populated\">\n\t\t\t\t\t\t\t\t<div class=\"elementor-element elementor-element-1999219 elementor-widget elementor-widget-image\" data-id=\"1999219\" data-element_type=\"widget\" data-widget_type=\"image.default\">\n\t\t\t\t<div class=\"elementor-widget-container\">\n\t\t\t<style>\/*! elementor - v3.12.1 - 02-04-2023 *\/\n.elementor-widget-image{text-align:center}.elementor-widget-image a{display:inline-block}.elementor-widget-image a img[src$=\".svg\"]{width:48px}.elementor-widget-image img{vertical-align:middle;display:inline-block}<\/style>\t\t\t\t\t\t\t\t\t\t\t\t<img decoding=\"async\" width=\"768\" height=\"768\" src=\"https:\/\/festivaldecaruaru.com.br\/2023\/wp-content\/uploads\/2023\/10\/Trofeu_Ythalla_maraysa-768x768.png\" class=\"attachment-medium_large size-medium_large wp-image-4320\" alt=\"\" loading=\"lazy\" srcset=\"https:\/\/festivaldecaruaru.com.br\/2023\/wp-content\/uploads\/2023\/10\/Trofeu_Ythalla_maraysa-768x768.png 768w, https:\/\/festivaldecaruaru.com.br\/2023\/wp-content\/uploads\/2023\/10\/Trofeu_Ythalla_maraysa-300x300.png 300w, https:\/\/festivaldecaruaru.com.br\/2023\/wp-content\/uploads\/2023\/10\/Trofeu_Ythalla_maraysa-150x150.png 150w, https:\/\/festivaldecaruaru.com.br\/2023\/wp-content\/uploads\/2023\/10\/Trofeu_Ythalla_maraysa.png 1024w\" sizes=\"(max-width: 768px) 100vw, 768px\" \/>\t\t\t\t\t\t\t\t\t\t\t\t\t\t\t<\/div>\n\t\t\t\t<\/div>\n\t\t\t\t\t<\/div>\n\t\t<\/div>\n\t\t\t\t\t\t\t<\/div>\n\t\t<\/section>\n\t\t\t\t<section class=\"elementor-section elementor-top-section elementor-element elementor-element-91cba68 elementor-section-boxed elementor-section-height-default elementor-section-height-default\" data-id=\"91cba68\" data-element_type=\"section\">\n\t\t\t\t\t\t<div class=\"elementor-container elementor-column-gap-default\">\n\t\t\t\t\t<div class=\"elementor-column elementor-col-100 elementor-top-column elementor-element elementor-element-4566cf5\" data-id=\"4566cf5\" data-element_type=\"column\">\n\t\t\t<div class=\"elementor-widget-wrap elementor-element-populated\">\n\t\t\t\t\t\t\t\t<div class=\"elementor-element elementor-element-31a7fc3 elementor-widget elementor-widget-text-editor\" data-id=\"31a7fc3\" data-element_type=\"widget\" data-widget_type=\"text-editor.default\">\n\t\t\t\t<div class=\"elementor-widget-container\">\n\t\t\t<style>\/*! elementor - v3.12.1 - 02-04-2023 *\/\n.elementor-widget-text-editor.elementor-drop-cap-view-stacked .elementor-drop-cap{background-color:#69727d;color:#fff}.elementor-widget-text-editor.elementor-drop-cap-view-framed .elementor-drop-cap{color:#69727d;border:3px solid;background-color:transparent}.elementor-widget-text-editor:not(.elementor-drop-cap-view-default) .elementor-drop-cap{margin-top:8px}.elementor-widget-text-editor:not(.elementor-drop-cap-view-default) .elementor-drop-cap-letter{width:1em;height:1em}.elementor-widget-text-editor .elementor-drop-cap{float:left;text-align:center;line-height:1;font-size:50px}.elementor-widget-text-editor .elementor-drop-cap-letter{display:inline-block}<\/style>\t\t\t\t<p>foto: <a href=\"http:\/\/www.instagram.com\/ythalla.maraysa\">@ythalla.maraysa<\/a><\/p>\t\t\t\t\t\t<\/div>\n\t\t\t\t<\/div>\n\t\t\t\t\t<\/div>\n\t\t<\/div>\n\t\t\t\t\t\t\t<\/div>\n\t\t<\/section>\n\t\t\t\t<section class=\"elementor-section elementor-top-section elementor-element elementor-element-c84ce74 elementor-section-boxed elementor-section-height-default elementor-section-height-default\" data-id=\"c84ce74\" data-element_type=\"section\">\n\t\t\t\t\t\t<div class=\"elementor-container elementor-column-gap-default\">\n\t\t\t\t\t<div class=\"elementor-column elementor-col-33 elementor-top-column elementor-element elementor-element-70eb995\" data-id=\"70eb995\" data-element_type=\"column\">\n\t\t\t<div class=\"elementor-widget-wrap\">\n\t\t\t\t\t\t\t\t\t<\/div>\n\t\t<\/div>\n\t\t\t\t<div class=\"elementor-column elementor-col-33 elementor-top-column elementor-element elementor-element-1c17a9e\" data-id=\"1c17a9e\" data-element_type=\"column\">\n\t\t\t<div class=\"elementor-widget-wrap elementor-element-populated\">\n\t\t\t\t\t\t\t\t<div class=\"elementor-element elementor-element-68277d9 elementor-widget elementor-widget-text-editor\" data-id=\"68277d9\" data-element_type=\"widget\" data-widget_type=\"text-editor.default\">\n\t\t\t\t<div class=\"elementor-widget-container\">\n\t\t\t\t\t\t\t<p>Todos os premiados nas diversas categorias do Festival de Cinema de Caruaru recebem o Trofeu Jos\u00e9 Cond\u00e9. O importante escritor caruaruense \u00e9 reverenciado com o nome do nosso trofeu porque Cond\u00e9 teve uma rela\u00e7\u00e3o direta com o cinema. Seu pai foi propriet\u00e1rio de uma sala de cinema na cidade e Cond\u00e9 teve acesso aos filmes pois era frequentador regular das sess\u00f5es. Seu romance Um Ramo para Luisa foi adaptado para o cinema. Infelizmente a c\u00f3pia n\u00e3o foi preservada. A seguir um texto do pesquisador Frank Junior sobre Jos\u00e9 Cond\u00e9.<\/p><p>\u201cJos\u00e9 Cond\u00e9 nasceu em 22\/10\/1917 e morou parte da inf\u00e2ncia na famosa casa de n\u00ba 300 na rua da Matriz, constru\u00edda pelo pai em 1925, e demolida na calada da noite pra se tornar o que \u00e9 hoje um comum pr\u00e9dio comercial igual aos outros. Pois \u00e9, Caruaru derrubou uma casa da d\u00e9cada de 20 pra transformar em um pr\u00e9dio comercial qualquer.<\/p><p>Jo\u00e3o \u201cCond\u00e9\u201d, o pai, gostava muito de cinema, chegou a adquirir inclusive o Cine Theatro Rio Branco mudando o nome para Cine Theatro Avenida, um dos principais cinemas de Caruaru que tamb\u00e9m ficava localizado na rua da Matriz, pertinho do Pal\u00e1cio do Bispo (que na \u00e9poca era chamado de Pa\u00e7o Imperial). Bom, nem precisa dizer o que aconteceu com o cinema n\u00e9, virou loja, ali\u00e1s, Caruaru hoje em dia nem cinema de rua tem mais.<\/p><p>Quando o pai de Jos\u00e9 Cond\u00e9 morreu em 1929, o irm\u00e3o mais velho Elysio Cond\u00e9 levou os irm\u00e3os (Jos\u00e9 e Jo\u00e3o Cond\u00e9) pra morar no RJ, e l\u00e1 na cidade de Petr\u00f3polis, Jos\u00e9 Cond\u00e9 estudou no col\u00e9gio Pl\u00ednio Leite onde l\u00e1 fundou o Gr\u00eamio Liter\u00e1rio Alberto de Oliveira e dirigiu dois pequenos jornais (\u201cPra Voc\u00ea\u201d e \u201cJa\u00fa\u201d), onde publicou seu primeiro conto \u201cVinganca\u201d.<\/p><p>Prestou vestibular pra Direito e por volta de 1937 publicou um poema na revista \u201cO Cruzeiro\u201d chamado de \u201cA Feira de Caruaru\u201d, que n\u00e3o se trata da m\u00fasica que n\u00f3s conhecemos, pois Onildo s\u00f3 iria compor ela em 1956 e Gonzaga gravaria em 1957, ou seja, 20 anos depois do texto de Cond\u00e9. E foi a partir desse texto que come\u00e7ou sua vida de liter\u00e1rio.<\/p><p>Cond\u00e9 trabalhou um tempo como colunista num jornal chamado \u201cO Jornal\u201d escrevendo cr\u00f4nicas com o pseud\u00f4nimo de Mr. Chips. A partir da d\u00e9cada de 50 come\u00e7ou a trabalhar no \u201cCorreio da Manh\u00e3\u201d junto com \u00c1lvaro Lins e nesse per\u00edodo ele manteve uma coluna chamada \u201cEscritores e Livros\u201d, que era por sua vez uma coluna super cobi\u00e7ada pelos literatos brasileiros.<\/p><p>Al\u00e9m disso, Jos\u00e9 Cond\u00e9 era um aut\u00eantico bo\u00eamio, gostava de sair na noite do Rio de Janeiro e quando tava em casa, gostava de escrever na m\u00e1quina de escrever ao som de Mozart, Bach, Schubert, Tchaikowsky, dentre outros, a depender de seu estado de esp\u00edrito. Nas reuni\u00f5es em casa, escutava muita m\u00fasica popular brasileira e frevo.<\/p><p>Livros e desdobramentos:<\/p><p>Em 1945 publicou o seu primeiro livro \u201cCaminhos na Sombra\u201d, pela Editora Jos\u00e9 Ol\u00edmpio. Em 1950 publicou o romance popular \u201cOnda Selvagem\u201d, tendo recebido atrav\u00e9s de Concurso o Pr\u00eamio \u201cMalheiro Dias\u201d, como segundo colocado. Em 1951 numa Edi\u00e7\u00e3o do Jornal de Letras, publicou \u201cHist\u00f3rias da Cidade Morta\u201d, tendo recebido o Pr\u00eamio \u201cF\u00e1bio Prado\u201d, da Uni\u00e3o Brasileira de Escritores de S\u00e3o Paulo. Em 1955, publica as novelas de \u201cOs dias antigos\u201d, que logo depois junta num s\u00f3 volume essa edi\u00e7\u00e3o e \u201cHist\u00f3ria da Cidade Morta\u201d num volume chamado de \u201cSanta Rita\u201d (em 1961).<\/p><p>Em 1959 publicou a Novela \u201cUm Ramo para Luisa\u201d e em 1960 lan\u00e7ou \u201cTerra de Caruaru\u201d. Em 1962 publica a novela \u201cVento do Amanhecer em Macambira\u201d, laureada com o pr\u00eamio Luiza Cl\u00e1udio de Souza. Em 1962, participa junto com outros autores como Jorge Amado, Guimar\u00e3es Rosa, Rachel de Queiroz e inclusive com Jo\u00e3o Cond\u00e9, seu irm\u00e3o, do romance \u201cO Mist\u00e9rio do MMMs\u201d. Logo depois, outros livros vieram como \u201cNoite contra Noite\u201d, as novelas \u201cOs Dez Mandamentos\u201d, \u201cPens\u00e3o Riso da Noite: Rua das M\u00e1goas (cerveja, sanfona e amor)\u201d, \u201cComo uma tarde em dezembro\u201d, \u201cTempo, Vida, solid\u00e3o\u201d e o conjunto de novelas \u201cAs Chuvas\u201d. Essas duas \u00faltimas obras foram escritas j\u00e1 no leito de morte.<\/p><p>Uma grande homenagem prestada a Cond\u00e9 foi a inaugura\u00e7\u00e3o da Casa de Cultura Jos\u00e9 Cond\u00e9, em Caruaru, pertinho da feira. A Casa foi inaugurada pelo ent\u00e3o prefeito Anast\u00e1cio Rodrigues no ano de 1973.<\/p><p>Jos\u00e9 Cond\u00e9 foi um escritor muito importante n\u00e3o s\u00f3 da literatura caruaruense, mas nacional. Escritores como Jorge Amado, Gilberto Freyre, Guimar\u00e3es Rosa eram todos admiradores de Cond\u00e9. Inclusive, a edi\u00e7\u00e3o de 50 anos de \u201cSagarana\u201d (originalmente publicado em 1946) de Guimar\u00e3es Rosa, pela editora Nova Fronteira, vem com uma carta que Rosa escreveu para Cond\u00e9 revelando segredos de Sagarana, cap\u00edtulo por cap\u00edtulo.<\/p><p>A import\u00e2ncia de Cond\u00e9 para a literatura nacional era t\u00e3o importante que houve repercuss\u00e3o at\u00e9 na dramaturgia, com a miniss\u00e9rie da rede Globo \u201cRabo-de-Saia\u201d que engloba a obra \u201cPens\u00e3o Riso da Noite: Rua das M\u00e1goas (cerveja, sanfona e amor)\u201d.<\/p><p>2017 foi o ano do centen\u00e1rio de Jos\u00e9 Cond\u00e9, e o Instituto Hist\u00f3rico de Caruaru promoveu um evento em comemora\u00e7\u00e3o, e dentre os acontecimentos, foi lan\u00e7ado o livro resultante da tese de doutorado do prof. Edson Tavares sobre a obra de Cond\u00e9, com o nome de \u201cO Nome do autor: O caso Jos\u00e9 Cond\u00e9\u201d. Uma pesquisa de extrema import\u00e2ncia n\u00e3o s\u00f3 para a academia (que \u00e9 carente de artigos cient\u00edficos sobre a obra de Cond\u00e9), mas para a hist\u00f3ria de Caruaru e da literatura nacional.<\/p><p>Encerrando as atividades do centen\u00e1rio, foi lan\u00e7ado um outro livro, j\u00e1 agora em 2018, tamb\u00e9m pelo Instituto Hist\u00f3rico de Caruaru (e pela editora CEPE) contando a biografia de Jos\u00e9 Cond\u00e9, escrito por ningu\u00e9m menos que Nelson Barbalho. Sim, Nelson Barbalho quando morreu deixou v\u00e1rios livros in\u00e9ditos nunca publicados, e esse \u00e9 um deles.<\/p><p>Em resumo, a obra de Jos\u00e9 Cond\u00e9 foram 12 livros (na verdade 11, porque o \u201cSanta Rita\u201d engloba dois), mais o \u201cMist\u00e9rio dos MMMs\u201d que ele participou junto com outros autores:<\/p><p>Caminhos na Sombra (1945)<br \/>Onda Selvagem (1950)<br \/>Hist\u00f3rias da Cidade Morta (1951)<br \/>Os Dias Antigos (1955)<br \/>Um Ramo para Lu\u00edsa (1959)<br \/>Terra de Caruaru (1960)<br \/>Vento do Amanhecer em Macambira (1962)<br \/>Os Sete Pecados Capitais (1964)<br \/>Noite contra Noite (1965)<br \/>Pens\u00e3o Riso da Noite: Rua das M\u00e1goas (1966)<br \/>Como uma Tarde em Dezembro (1969)<br \/>Tempo Vida Solid\u00e3o (1971)\u201d<\/p><p><strong>Cr\u00e9ditos do texto: Frank Junior<\/strong> (<a href=\"https:\/\/medium.com\/a-ponte\/uma-breve-hist%C3%B3ria-de-jos%C3%A9-cond%C3%A9-800e1d3b820e\">clique aqui para ler a publica\u00e7\u00e3o<\/a>)<\/p>\t\t\t\t\t\t<\/div>\n\t\t\t\t<\/div>\n\t\t\t\t\t<\/div>\n\t\t<\/div>\n\t\t\t\t<div class=\"elementor-column elementor-col-33 elementor-top-column elementor-element elementor-element-a56cac4\" data-id=\"a56cac4\" data-element_type=\"column\">\n\t\t\t<div class=\"elementor-widget-wrap\">\n\t\t\t\t\t\t\t\t\t<\/div>\n\t\t<\/div>\n\t\t\t\t\t\t\t<\/div>\n\t\t<\/section>\n\t\t\t\t\t\t\t<\/div>\n\t\t","protected":false},"excerpt":{"rendered":"<p>foto: @ythalla.maraysa Todos os premiados nas diversas categorias do Festival de Cinema de Caruaru recebem o Trofeu Jos\u00e9 Cond\u00e9. O importante escritor caruaruense \u00e9 reverenciado com o nome do nosso trofeu porque Cond\u00e9 teve uma rela\u00e7\u00e3o direta com o cinema. Seu pai foi propriet\u00e1rio de uma sala de cinema na cidade e Cond\u00e9 teve acesso [&hellip;]<\/p>\n","protected":false},"author":1,"featured_media":0,"parent":0,"menu_order":0,"comment_status":"closed","ping_status":"closed","template":"","meta":[],"_links":{"self":[{"href":"https:\/\/festivaldecaruaru.com.br\/2023\/index.php?rest_route=\/wp\/v2\/pages\/4250"}],"collection":[{"href":"https:\/\/festivaldecaruaru.com.br\/2023\/index.php?rest_route=\/wp\/v2\/pages"}],"about":[{"href":"https:\/\/festivaldecaruaru.com.br\/2023\/index.php?rest_route=\/wp\/v2\/types\/page"}],"author":[{"embeddable":true,"href":"https:\/\/festivaldecaruaru.com.br\/2023\/index.php?rest_route=\/wp\/v2\/users\/1"}],"replies":[{"embeddable":true,"href":"https:\/\/festivaldecaruaru.com.br\/2023\/index.php?rest_route=%2Fwp%2Fv2%2Fcomments&post=4250"}],"version-history":[{"count":13,"href":"https:\/\/festivaldecaruaru.com.br\/2023\/index.php?rest_route=\/wp\/v2\/pages\/4250\/revisions"}],"predecessor-version":[{"id":4327,"href":"https:\/\/festivaldecaruaru.com.br\/2023\/index.php?rest_route=\/wp\/v2\/pages\/4250\/revisions\/4327"}],"wp:attachment":[{"href":"https:\/\/festivaldecaruaru.com.br\/2023\/index.php?rest_route=%2Fwp%2Fv2%2Fmedia&parent=4250"}],"curies":[{"name":"wp","href":"https:\/\/api.w.org\/{rel}","templated":true}]}}